{"id":2838,"date":"2024-01-12T15:06:49","date_gmt":"2024-01-12T14:06:49","guid":{"rendered":"https:\/\/gorzelanny.pl\/hotel-dzwirzyno\/?page_id=2838"},"modified":"2025-02-15T10:54:45","modified_gmt":"2025-02-15T09:54:45","slug":"restauracja","status":"publish","type":"page","link":"https:\/\/gorzelanny.pl\/hotel-dzwirzyno\/restauracja\/","title":{"rendered":"Restauracja &#8211; OTWARCIE JU\u017b 01.05.2025!"},"content":{"rendered":"<p>[vc_row][vc_column][vc_custom_heading text=&#8221;Hotel i Apartamenty Gorzelanny zapraszaj\u0105 Go\u015bci do do\u015bwiadczenia kulinarnych podr\u00f3\u017cy, w restauracji z panoramicznymi widokami!&#8221; font_container=&#8221;tag:h2|text_align:center|color:%23dd9933&#8243; google_fonts=&#8221;font_family:Yeseva%20One%3Aregular|font_style:400%20regular%3A400%3Anormal&#8221; css_animation=&#8221;fadeInDown&#8221;][vc_column_text]<\/p>\n<div data-canvas-width=\"634.9541477435762\">Ten starannie zaprojektowany obiekt zach\u0119ca odwiedzaj\u0105cych do odkrycia wyj\u0105tkowego uroku nadmorskiego otoczenia, jednocze\u015bnie oferuj\u0105c luksus i komfort na najwy\u017cszym poziomie, co charakteryzuje Hotel i Apartamenty Gorzelanny w D\u017awirzynie.<\/div>\n<p>[\/vc_column_text][vc_column_text]<\/p>\n<div data-canvas-width=\"634.9541477435762\">\n<div data-canvas-width=\"634.9474167438566\">Przemy\u015blany uk\u0142ad sto\u0142\u00f3w i delikatne detale wn\u0119trza, tworz\u0105 atmosfer\u0119 intymno\u015bci, podkre\u015blaj\u0105c jednocze\u015bnie otwarto\u015b\u0107 na przyrod\u0119. Inspiruj\u0105ce elementy lokalnej kultury i przyrody, wkomponowane w eleganck\u0105 aran\u017cacj\u0119 przestrzeni. Stylowe meble i tekstury nawi\u0105zuj\u0105 do tradycji regionu, podkre\u015blaj\u0105c jednocze\u015bnie nowoczesne podej\u015bcie do designu.<\/div>\n<\/div>\n<p>[\/vc_column_text][\/vc_column][\/vc_row][vc_row][vc_column][vc_media_grid grid_id=&#8221;vc_gid:1739611405895-fc87a8e1-25a2-9&#8243; include=&#8221;4062,2919,4063&#8243;][\/vc_column][\/vc_row][vc_row shadow_x_offset=&#8221;0&#8243; shadow_y_offset=&#8221;0&#8243; shadow_blur=&#8221;0&#8243; shadow_spread=&#8221;0&#8243; shadow_color=&#8221;&#8221;][vc_column shadow_x_offset=&#8221;0&#8243; shadow_y_offset=&#8221;0&#8243; shadow_blur=&#8221;0&#8243; shadow_spread=&#8221;0&#8243; offset=&#8221;vc_col-lg-2 vc_col-md-2&#8243;][stm_spacer height_tablet=&#8221;10&#8243; height_mobile=&#8221;10&#8243;][stm_icon icon_color=&#8221;custom&#8221; icon_align=&#8221;center&#8221; height=&#8221;60&#8243; icon_styled_bg=&#8221;enable&#8221; icon=&#8221;stmicon-hotel-concierge&#8221; css=&#8221;.vc_custom_1739611206478{margin-bottom: 10px !important;}&#8221; icon_custom_color=&#8221;#3a3534&#8243; icon_custom_color_hover=&#8221;#ffffff&#8221;][\/vc_column][vc_column shadow_x_offset=&#8221;0&#8243; shadow_y_offset=&#8221;0&#8243; shadow_blur=&#8221;0&#8243; shadow_spread=&#8221;0&#8243; shadow_color=&#8221;&#8221; offset=&#8221;vc_col-lg-8 vc_col-md-8&#8243;][stm_spacer height_tablet=&#8221;10&#8243; height_mobile=&#8221;10&#8243;][vc_custom_heading text=&#8221;\u015aNIADANIA&#8221; font_container=&#8221;tag:h4|text_align:left|color:%23dd9933&#8243; use_theme_fonts=&#8221;yes&#8221; css_animation=&#8221;fadeIn&#8221; css=&#8221;.vc_custom_1739610582624{margin-bottom: 10px !important;}&#8221; el_class=&#8221;sm-text-center&#8221;][vc_column_text css_animation=&#8221;fadeInRight&#8221; el_class=&#8221;sm-text-center&#8221;]\u015aniadania oferowane w Hotelu i Apartamentach Gorzelanny w D\u017awirzynie, to <strong>uczta dla zmys\u0142\u00f3w<\/strong>. Ka\u017cdego ranka nasi Go\u015bcie mog\u0105 rozpocz\u0105\u0107 dzie\u0144 od <strong>bogatego bufetu<\/strong> pe\u0142nego \u015bwie\u017cych, lokalnych produkt\u00f3w. Serwujemy <strong>aromatyczne pieczywo, \u015bwie\u017ce owoce, wykwintne sery, w\u0119dliny<\/strong> oraz szeroki wyb\u00f3r <strong>ciep\u0142ych da\u0144<\/strong>. Pami\u0119tamy oczywi\u015bcie o napojach \u2013 od <strong>\u015bwie\u017co wyciskanych sok\u00f3w<\/strong>, przez <strong>kaw\u0119 baristyczn\u0105<\/strong>, a\u017c po <strong>herbaty<\/strong> z najdalszych zak\u0105tk\u00f3w \u015bwiata.[\/vc_column_text][\/vc_column][\/vc_row][vc_row][vc_column shadow_x_offset=&#8221;0&#8243; shadow_y_offset=&#8221;0&#8243; shadow_blur=&#8221;0&#8243; shadow_spread=&#8221;0&#8243; offset=&#8221;vc_col-lg-2 vc_col-md-2&#8243;][stm_spacer height_tablet=&#8221;10&#8243; height_mobile=&#8221;10&#8243;][stm_spacer height_tablet=&#8221;10&#8243; height_mobile=&#8221;10&#8243;][stm_icon icon_color=&#8221;custom&#8221; icon_align=&#8221;center&#8221; height=&#8221;58&#8243; icon_styled_bg=&#8221;enable&#8221; icon=&#8221;stmicon-hotel-restaurant&#8221; css=&#8221;.vc_custom_1538544256167{margin-bottom: 10px !important;}&#8221; icon_custom_color=&#8221;#3a3534&#8243; icon_custom_color_hover=&#8221;#ffffff&#8221;][\/vc_column][vc_column shadow_x_offset=&#8221;0&#8243; shadow_y_offset=&#8221;0&#8243; shadow_blur=&#8221;0&#8243; shadow_spread=&#8221;0&#8243; shadow_color=&#8221;&#8221; offset=&#8221;vc_col-lg-8 vc_col-md-8&#8243;][stm_spacer height_tablet=&#8221;10&#8243; height_mobile=&#8221;10&#8243;][vc_custom_heading text=&#8221;OBIADY I KOLACJE&#8221; font_container=&#8221;tag:h4|text_align:left|color:%23dd9933&#8243; use_theme_fonts=&#8221;yes&#8221; css_animation=&#8221;fadeIn&#8221; css=&#8221;.vc_custom_1739610596951{margin-bottom: 10px !important;}&#8221; el_class=&#8221;sm-text-center&#8221;][vc_column_text css_animation=&#8221;fadeInRight&#8221; el_class=&#8221;sm-text-center&#8221;]Obiadokolacje w Hotelu i Apartamentach Gorzelanny w D\u017awirzynie to <strong>wyj\u0105tkowe doznanie kulinarne<\/strong>, kt\u00f3re idealnie zamyka dzie\u0144 pe\u0142en wra\u017ce\u0144. W naszej eleganckiej restauracji serwujemy <strong>wykwintne dania<\/strong>, przygotowane z najlepszych, <strong>\u015bwie\u017cych sk\u0142adnik\u00f3w<\/strong>, kt\u00f3re zadowol\u0105 nawet najbardziej wymagaj\u0105cych smakoszy. Harmonijne po\u0142\u0105czenie tradycyjnych polskich smak\u00f3w z nowoczesnymi akcentami. Go\u015bcie mog\u0105 wybiera\u0107 spo\u015br\u00f3d szerokiej gamy potraw, w tym <strong>soczystych mi\u0119s, \u015bwie\u017cych ryb, aromatycznych zup<\/strong> oraz <strong>r\u00f3\u017cnorodnych przystawek i deser\u00f3w<\/strong>. Ka\u017cde danie jest starannie skomponowane i pi\u0119knie podane, aby zapewni\u0107 niezapomniane wra\u017cenia kulinarne.[\/vc_column_text][\/vc_column][\/vc_row][vc_row][vc_column shadow_x_offset=&#8221;0&#8243; shadow_y_offset=&#8221;0&#8243; shadow_blur=&#8221;0&#8243; shadow_spread=&#8221;0&#8243; offset=&#8221;vc_col-lg-2 vc_col-md-2&#8243;][stm_spacer height_tablet=&#8221;10&#8243; height_mobile=&#8221;10&#8243;][stm_spacer height_tablet=&#8221;10&#8243; height_mobile=&#8221;10&#8243;][stm_icon icon_color=&#8221;custom&#8221; icon_align=&#8221;center&#8221; height=&#8221;58&#8243; icon_styled_bg=&#8221;enable&#8221; icon=&#8221;stmicon-hotel-drinks&#8221; css=&#8221;.vc_custom_1538544305134{margin-bottom: 10px !important;}&#8221; icon_custom_color=&#8221;#3a3534&#8243; icon_custom_color_hover=&#8221;#ffffff&#8221;][\/vc_column][vc_column shadow_x_offset=&#8221;0&#8243; shadow_y_offset=&#8221;0&#8243; shadow_blur=&#8221;0&#8243; shadow_spread=&#8221;0&#8243; shadow_color=&#8221;&#8221; offset=&#8221;vc_col-lg-8 vc_col-md-8&#8243;][stm_spacer height_tablet=&#8221;10&#8243; height_mobile=&#8221;10&#8243;][vc_custom_heading text=&#8221;RESTAURACJA &#038; BAR&#8221; font_container=&#8221;tag:h4|text_align:left|color:%23dd9933&#8243; use_theme_fonts=&#8221;yes&#8221; css_animation=&#8221;fadeIn&#8221; css=&#8221;.vc_custom_1739610609359{margin-bottom: 10px !important;}&#8221; el_class=&#8221;sm-text-center&#8221;][vc_column_text css_animation=&#8221;fadeInRight&#8221; el_class=&#8221;sm-text-center&#8221;]<strong>Bar<\/strong> w Hotelu i Apartamentach Gorzelanny to miejsce, gdzie mo\u017cna zrelaksowa\u0107 si\u0119 przy szerokim wyborze <strong>napoj\u00f3w<\/strong>, w tym oryginalnych <strong>koktajli, lokalnych win<\/strong> oraz <strong>rzemie\u015blniczych piw<\/strong>. W przyjaznej i komfortowej atmosferze, nasi Go\u015bcie mog\u0105 cieszy\u0107 si\u0119 wieczornym relaksem lub spotkaniami towarzyskimi, delektuj\u0105c si\u0119 wyj\u0105tkowymi napojami i lekkimi przek\u0105skami. Nasza restauracja wyr\u00f3\u017cnia si\u0119 nie tylko doskona\u0142\u0105 kuchni\u0105, ale r\u00f3wnie\u017c <strong>panoramicznymi widokami na malownicze otoczenie nadmorskiego krajobrazu<\/strong>, co sprawia, \u017ce ka\u017cde posi\u0142ek staje si\u0119 niezapomnianym do\u015bwiadczeniem.<\/p>\n<p>&nbsp;[\/vc_column_text][\/vc_column][\/vc_row][vc_row][vc_column][vc_media_grid grid_id=&#8221;vc_gid:1739611405898-a610a6b7-f63c-5&#8243; include=&#8221;4056,4057,4058,4059,4060,4061&#8243;][vc_message]Zdj\u0119cia maj\u0105 charakter podgl\u0105dowy.[\/vc_message][stm_carousel_gallery images_effect=&#8221;0&#8243; lightgallery=&#8221;disable&#8221; images_margin=&#8221;50&#8243; thumbnails=&#8221;disable&#8221; description=&#8221;disable&#8221; pagination=&#8221;disable&#8221; images=&#8221;3821,3811,3788,3750,3781,3791,3813&#8243; image_size=&#8221;1170&#215;650&#8243;][\/vc_column][\/vc_row][vc_row][vc_column][vc_empty_space][vc_custom_heading text=&#8221;Serdecznie zapraszamy do rezerwacji pobytu z wy\u017cywieniem, ju\u017c od 01.05.2025!  &#8221; font_container=&#8221;tag:h3|text_align:center|color:%23dd9933&#8243; google_fonts=&#8221;font_family:Yeseva%20One%3Aregular|font_style:400%20regular%3A400%3Anormal&#8221; css_animation=&#8221;flipInX&#8221;][vc_btn title=&#8221;REZERWUJ\u0118!&#8221; style=&#8221;gradient&#8221; gradient_color_1=&#8221;orange&#8221; gradient_color_2=&#8221;juicy-pink&#8221; shape=&#8221;square&#8221; size=&#8221;lg&#8221; align=&#8221;center&#8221; css_animation=&#8221;fadeInLeftBig&#8221; button_block=&#8221;true&#8221;][vc_message message_box_color=&#8221;blue&#8221; icon_fontawesome=&#8221;fab fa-facebook-square&#8221;]<\/p>\n<div style=\"text-align: center;\" data-canvas-width=\"129.296\">\n<div data-canvas-width=\"1251.7446718439699\">\n<div data-canvas-width=\"523.6959999999999\">\n<div style=\"text-align: center;\" data-canvas-width=\"129.296\">\n<div data-canvas-width=\"1251.7446718439699\">\n<div data-canvas-width=\"523.6959999999999\">Zapraszamy na naszego <a href=\"https:\/\/www.facebook.com\/apartamentygorzelanny\/\">Facebooka<\/a>, na kt\u00f3rym znajdziesz najnowsze informacje o promocjach, zmianach oraz nowinkach z Hotelu i Apartament\u00f3w Gorzelanny!<\/div>\n<\/div>\n<\/div>\n<\/div>\n<\/div>\n<\/div>\n<p>[\/vc_message][\/vc_column][\/vc_row][vc_row][vc_column][vc_gmaps link=&#8221;#E-8_JTNDaWZyYW1lJTIwc3JjJTNEJTIyaHR0cHMlM0ElMkYlMkZ3d3cuZ29vZ2xlLmNvbSUyRm1hcHMlMkZlbWJlZCUzRnBiJTNEJTIxMW0xOCUyMTFtMTIlMjExbTMlMjExZDIzMzYuNjEwMjEzMzg2NTMxJTIxMmQxNS4zOTgwMzc4NzU3NzQwNiUyMTNkNTQuMTUxNTUzNTE0MTczNDUlMjEybTMlMjExZjAlMjEyZjAlMjEzZjAlMjEzbTIlMjExaTEwMjQlMjEyaTc2OCUyMTRmMTMuMSUyMTNtMyUyMTFtMiUyMTFzMHg0NzAwMTM2YmU0YTFhZWY1JTI1M0EweGIyN2YzZTY0ZDJhNmU4NjQlMjEyc0hvdGVsJTI1MjBpJTI1MjBBcGFydGFtZW50eSUyNTIwR29yemVsYW5ueSUyNTIwdyUyNTIwRCUyNUM1JTI1QkF3aXJ6eW5pZSUyMTVlMCUyMTNtMiUyMTFzcGwlMjEyc3BsJTIxNHYxNzM0Nzc1NjM0MDIwJTIxNW0yJTIxMXNwbCUyMTJzcGwlMjIlMjB3aWR0aCUzRCUyMjYwMCUyMiUyMGhlaWdodCUzRCUyMjQ1MCUyMiUyMHN0eWxlJTNEJTIyYm9yZGVyJTNBMCUzQiUyMiUyMGFsbG93ZnVsbHNjcmVlbiUzRCUyMiUyMiUyMGxvYWRpbmclM0QlMjJsYXp5JTIyJTIwcmVmZXJyZXJwb2xpY3klM0QlMjJuby1yZWZlcnJlci13aGVuLWRvd25ncmFkZSUyMiUzRSUzQyUyRmlmcmFtZSUzRQ==&#8221; title=&#8221;Hotel i Apartamenty Gorzelanny&#8221;][\/vc_column][\/vc_row]<\/p>\n","protected":false},"excerpt":{"rendered":"<p>[vc_row][vc_column][vc_custom_heading text=&#8221;Hotel i Apartamenty Gorzelanny zapraszaj\u0105 Go\u015bci do do\u015bwiadczenia kulinarnych podr\u00f3\u017cy, w restauracji z panoramicznymi widokami!&#8221; font_container=&#8221;tag:h2|text_align:center|color:%23dd9933&#8243; google_fonts=&#8221;font_family:Yeseva%20One%3Aregular|font_style:400%20regular%3A400%3Anormal&#8221; css_animation=&#8221;fadeInDown&#8221;][vc_column_text] Ten starannie zaprojektowany obiekt zach\u0119ca odwiedzaj\u0105cych do odkrycia wyj\u0105tkowego uroku nadmorskiego otoczenia, jednocze\u015bnie oferuj\u0105c luksus i komfort na najwy\u017cszym poziomie, co charakteryzuje Hotel i Apartamenty Gorzelanny w D\u017awirzynie. [\/vc_column_text][vc_column_text] Przemy\u015blany uk\u0142ad sto\u0142\u00f3w i delikatne detale wn\u0119trza, [&hellip;]<\/p>\n","protected":false},"author":1,"featured_media":0,"parent":0,"menu_order":0,"comment_status":"closed","ping_status":"closed","template":"","meta":{"footnotes":""},"class_list":["post-2838","page","type-page","status-publish","hentry"],"yoast_head":"<!-- This site is optimized with the Yoast SEO plugin v27.0 - https:\/\/yoast.com\/product\/yoast-seo-wordpress\/ -->\n<title>Restauracja - OTWARCIE JU\u017b 01.05.2025! - Hotel i Apartameny Gorzelanny w D\u017awirzynie, gmina Ko\u0142obrzeg<\/title>\n<meta name=\"robots\" content=\"index, follow, max-snippet:-1, max-image-preview:large, max-video-preview:-1\" \/>\n<link rel=\"canonical\" href=\"https:\/\/gorzelanny.pl\/hotel-dzwirzyno\/restauracja\/\" \/>\n<meta property=\"og:locale\" content=\"pl_PL\" \/>\n<meta property=\"og:type\" content=\"article\" \/>\n<meta property=\"og:title\" content=\"Restauracja - OTWARCIE JU\u017b 01.05.2025! - Hotel i Apartameny Gorzelanny w D\u017awirzynie, gmina Ko\u0142obrzeg\" \/>\n<meta property=\"og:description\" content=\"[vc_row][vc_column][vc_custom_heading text=&#8221;Hotel i Apartamenty Gorzelanny zapraszaj\u0105 Go\u015bci do do\u015bwiadczenia kulinarnych podr\u00f3\u017cy, w restauracji z panoramicznymi widokami!&#8221; font_container=&#8221;tag:h2|text_align:center|color:%23dd9933&#8243; google_fonts=&#8221;font_family:Yeseva%20One%3Aregular|font_style:400%20regular%3A400%3Anormal&#8221; css_animation=&#8221;fadeInDown&#8221;][vc_column_text] Ten starannie zaprojektowany obiekt zach\u0119ca odwiedzaj\u0105cych do odkrycia wyj\u0105tkowego uroku nadmorskiego otoczenia, jednocze\u015bnie oferuj\u0105c luksus i komfort na najwy\u017cszym poziomie, co charakteryzuje Hotel i Apartamenty Gorzelanny w D\u017awirzynie. [\/vc_column_text][vc_column_text] Przemy\u015blany uk\u0142ad sto\u0142\u00f3w i delikatne detale wn\u0119trza, [&hellip;]\" \/>\n<meta property=\"og:url\" content=\"https:\/\/gorzelanny.pl\/hotel-dzwirzyno\/restauracja\/\" \/>\n<meta property=\"og:site_name\" content=\"Hotel i Apartameny Gorzelanny w D\u017awirzynie, gmina Ko\u0142obrzeg\" \/>\n<meta property=\"article:publisher\" content=\"https:\/\/www.facebook.com\/hotele.gorzelanny\" \/>\n<meta property=\"article:modified_time\" content=\"2025-02-15T09:54:45+00:00\" \/>\n<meta name=\"twitter:card\" content=\"summary_large_image\" \/>\n<meta name=\"twitter:label1\" content=\"Szacowany czas czytania\" \/>\n\t<meta name=\"twitter:data1\" content=\"5 minut\" \/>\n<script type=\"application\/ld+json\" class=\"yoast-schema-graph\">{\"@context\":\"https:\/\/schema.org\",\"@graph\":[{\"@type\":\"WebPage\",\"@id\":\"https:\/\/gorzelanny.pl\/hotel-dzwirzyno\/restauracja\/\",\"url\":\"https:\/\/gorzelanny.pl\/hotel-dzwirzyno\/restauracja\/\",\"name\":\"Restauracja - OTWARCIE JU\u017b 01.05.2025! - Hotel i Apartameny Gorzelanny w D\u017awirzynie, gmina Ko\u0142obrzeg\",\"isPartOf\":{\"@id\":\"https:\/\/gorzelanny.pl\/hotel-dzwirzyno\/#website\"},\"datePublished\":\"2024-01-12T14:06:49+00:00\",\"dateModified\":\"2025-02-15T09:54:45+00:00\",\"breadcrumb\":{\"@id\":\"https:\/\/gorzelanny.pl\/hotel-dzwirzyno\/restauracja\/#breadcrumb\"},\"inLanguage\":\"pl-PL\",\"potentialAction\":[{\"@type\":\"ReadAction\",\"target\":[\"https:\/\/gorzelanny.pl\/hotel-dzwirzyno\/restauracja\/\"]}]},{\"@type\":\"BreadcrumbList\",\"@id\":\"https:\/\/gorzelanny.pl\/hotel-dzwirzyno\/restauracja\/#breadcrumb\",\"itemListElement\":[{\"@type\":\"ListItem\",\"position\":1,\"name\":\"Home\",\"item\":\"https:\/\/gorzelanny.pl\/hotel-dzwirzyno\/\"},{\"@type\":\"ListItem\",\"position\":2,\"name\":\"Restauracja &#8211; OTWARCIE JU\u017b 01.05.2025!\"}]},{\"@type\":\"WebSite\",\"@id\":\"https:\/\/gorzelanny.pl\/hotel-dzwirzyno\/#website\",\"url\":\"https:\/\/gorzelanny.pl\/hotel-dzwirzyno\/\",\"name\":\"Hotel i Apartameny Gorzelanny w D\u017awirzynie, gmina Ko\u0142obrzeg\",\"description\":\"Pobyty z wy\u017cywieniem dla rodzin z dzie\u0107mi, blisko pla\u017cy. Pokoje z klimatyzacj\u0105, basen z rynn\u0105 wodn\u0105, jacuzzi, restauracja, parking. Przyjazny zwierz\u0119tom.\",\"potentialAction\":[{\"@type\":\"SearchAction\",\"target\":{\"@type\":\"EntryPoint\",\"urlTemplate\":\"https:\/\/gorzelanny.pl\/hotel-dzwirzyno\/?s={search_term_string}\"},\"query-input\":{\"@type\":\"PropertyValueSpecification\",\"valueRequired\":true,\"valueName\":\"search_term_string\"}}],\"inLanguage\":\"pl-PL\"}]}<\/script>\n<!-- \/ Yoast SEO plugin. -->","yoast_head_json":{"title":"Restauracja - OTWARCIE JU\u017b 01.05.2025! - Hotel i Apartameny Gorzelanny w D\u017awirzynie, gmina Ko\u0142obrzeg","robots":{"index":"index","follow":"follow","max-snippet":"max-snippet:-1","max-image-preview":"max-image-preview:large","max-video-preview":"max-video-preview:-1"},"canonical":"https:\/\/gorzelanny.pl\/hotel-dzwirzyno\/restauracja\/","og_locale":"pl_PL","og_type":"article","og_title":"Restauracja - OTWARCIE JU\u017b 01.05.2025! - Hotel i Apartameny Gorzelanny w D\u017awirzynie, gmina Ko\u0142obrzeg","og_description":"[vc_row][vc_column][vc_custom_heading text=&#8221;Hotel i Apartamenty Gorzelanny zapraszaj\u0105 Go\u015bci do do\u015bwiadczenia kulinarnych podr\u00f3\u017cy, w restauracji z panoramicznymi widokami!&#8221; font_container=&#8221;tag:h2|text_align:center|color:%23dd9933&#8243; google_fonts=&#8221;font_family:Yeseva%20One%3Aregular|font_style:400%20regular%3A400%3Anormal&#8221; css_animation=&#8221;fadeInDown&#8221;][vc_column_text] Ten starannie zaprojektowany obiekt zach\u0119ca odwiedzaj\u0105cych do odkrycia wyj\u0105tkowego uroku nadmorskiego otoczenia, jednocze\u015bnie oferuj\u0105c luksus i komfort na najwy\u017cszym poziomie, co charakteryzuje Hotel i Apartamenty Gorzelanny w D\u017awirzynie. [\/vc_column_text][vc_column_text] Przemy\u015blany uk\u0142ad sto\u0142\u00f3w i delikatne detale wn\u0119trza, [&hellip;]","og_url":"https:\/\/gorzelanny.pl\/hotel-dzwirzyno\/restauracja\/","og_site_name":"Hotel i Apartameny Gorzelanny w D\u017awirzynie, gmina Ko\u0142obrzeg","article_publisher":"https:\/\/www.facebook.com\/hotele.gorzelanny","article_modified_time":"2025-02-15T09:54:45+00:00","twitter_card":"summary_large_image","twitter_misc":{"Szacowany czas czytania":"5 minut"},"schema":{"@context":"https:\/\/schema.org","@graph":[{"@type":"WebPage","@id":"https:\/\/gorzelanny.pl\/hotel-dzwirzyno\/restauracja\/","url":"https:\/\/gorzelanny.pl\/hotel-dzwirzyno\/restauracja\/","name":"Restauracja - OTWARCIE JU\u017b 01.05.2025! - Hotel i Apartameny Gorzelanny w D\u017awirzynie, gmina Ko\u0142obrzeg","isPartOf":{"@id":"https:\/\/gorzelanny.pl\/hotel-dzwirzyno\/#website"},"datePublished":"2024-01-12T14:06:49+00:00","dateModified":"2025-02-15T09:54:45+00:00","breadcrumb":{"@id":"https:\/\/gorzelanny.pl\/hotel-dzwirzyno\/restauracja\/#breadcrumb"},"inLanguage":"pl-PL","potentialAction":[{"@type":"ReadAction","target":["https:\/\/gorzelanny.pl\/hotel-dzwirzyno\/restauracja\/"]}]},{"@type":"BreadcrumbList","@id":"https:\/\/gorzelanny.pl\/hotel-dzwirzyno\/restauracja\/#breadcrumb","itemListElement":[{"@type":"ListItem","position":1,"name":"Home","item":"https:\/\/gorzelanny.pl\/hotel-dzwirzyno\/"},{"@type":"ListItem","position":2,"name":"Restauracja &#8211; OTWARCIE JU\u017b 01.05.2025!"}]},{"@type":"WebSite","@id":"https:\/\/gorzelanny.pl\/hotel-dzwirzyno\/#website","url":"https:\/\/gorzelanny.pl\/hotel-dzwirzyno\/","name":"Hotel i Apartameny Gorzelanny w D\u017awirzynie, gmina Ko\u0142obrzeg","description":"Pobyty z wy\u017cywieniem dla rodzin z dzie\u0107mi, blisko pla\u017cy. Pokoje z klimatyzacj\u0105, basen z rynn\u0105 wodn\u0105, jacuzzi, restauracja, parking. Przyjazny zwierz\u0119tom.","potentialAction":[{"@type":"SearchAction","target":{"@type":"EntryPoint","urlTemplate":"https:\/\/gorzelanny.pl\/hotel-dzwirzyno\/?s={search_term_string}"},"query-input":{"@type":"PropertyValueSpecification","valueRequired":true,"valueName":"search_term_string"}}],"inLanguage":"pl-PL"}]}},"_links":{"self":[{"href":"https:\/\/gorzelanny.pl\/hotel-dzwirzyno\/wp-json\/wp\/v2\/pages\/2838","targetHints":{"allow":["GET"]}}],"collection":[{"href":"https:\/\/gorzelanny.pl\/hotel-dzwirzyno\/wp-json\/wp\/v2\/pages"}],"about":[{"href":"https:\/\/gorzelanny.pl\/hotel-dzwirzyno\/wp-json\/wp\/v2\/types\/page"}],"author":[{"embeddable":true,"href":"https:\/\/gorzelanny.pl\/hotel-dzwirzyno\/wp-json\/wp\/v2\/users\/1"}],"replies":[{"embeddable":true,"href":"https:\/\/gorzelanny.pl\/hotel-dzwirzyno\/wp-json\/wp\/v2\/comments?post=2838"}],"version-history":[{"count":40,"href":"https:\/\/gorzelanny.pl\/hotel-dzwirzyno\/wp-json\/wp\/v2\/pages\/2838\/revisions"}],"predecessor-version":[{"id":4066,"href":"https:\/\/gorzelanny.pl\/hotel-dzwirzyno\/wp-json\/wp\/v2\/pages\/2838\/revisions\/4066"}],"wp:attachment":[{"href":"https:\/\/gorzelanny.pl\/hotel-dzwirzyno\/wp-json\/wp\/v2\/media?parent=2838"}],"curies":[{"name":"wp","href":"https:\/\/api.w.org\/{rel}","templated":true}]}}