{"id":3556,"date":"2024-10-25T12:41:58","date_gmt":"2024-10-25T10:41:58","guid":{"rendered":"https:\/\/gorzelanny.pl\/hotel-dzwirzyno\/?page_id=3556"},"modified":"2026-03-18T18:30:27","modified_gmt":"2026-03-18T17:30:27","slug":"pakiet-wakacje","status":"publish","type":"page","link":"https:\/\/gorzelanny.pl\/hotel-dzwirzyno\/pakiet-wakacje\/","title":{"rendered":"PAKIET WAKACJE 2026"},"content":{"rendered":"<p>[vc_row][vc_column width=&#8221;2\/3&#8243;][vc_column_text]<\/p>\n<h3>Rodzinne wakacje nad morzem 2026<\/h3>\n<p>[\/vc_column_text][vc_column_text]<\/p>\n<div data-canvas-width=\"641.212\">\n<h4>Zdrowy klimat, morskie powietrze, spacery po pla\u017cy, k\u0105piele w Ba\u0142tyku, bogate bufety \u015bniadaniowe i kolacyjne, codzienne atrakcje, Festiwal Pizzy i wiele innych atrakcji czeka na Was w D\u017awirzynie!<\/h4>\n<\/div>\n<p>[\/vc_column_text][vc_btn title=&#8221;Zarezerwuj ju\u017c dzi\u015b!&#8221; shape=&#8221;square&#8221; color=&#8221;warning&#8221; size=&#8221;lg&#8221; align=&#8221;center&#8221; button_block=&#8221;true&#8221; link=&#8221;url:https%3A%2F%2Fgorzelanny.pl%2Fhotel-dzwirzyno%2Frezerwacja-online%2F%3Fid_place%3D767%26id_rateplan%3D108%26pcount%3D2%26dateFrom%3D2026-06-26%26dateTo%3D2026-06-30%26dmode%3D4|target:_blank&#8221;][\/vc_column][vc_column width=&#8221;1\/3&#8243;][vc_single_image image=&#8221;5227&#8243; img_size=&#8221;400&#215;400&#8243; alignment=&#8221;center&#8221; style=&#8221;vc_box_border_circle_2&#8243; onclick=&#8221;link_image&#8221; el_class=&#8221;square-image&#8221;][\/vc_column][\/vc_row][vc_row][vc_column][vc_empty_space][vc_media_grid grid_id=&#8221;vc_gid:1773854969548-e08cc5de-4baa-6&#8243; include=&#8221;4619,4799,4909&#8243;][vc_empty_space][\/vc_column][\/vc_row][vc_row][vc_column width=&#8221;1\/2&#8243;][vc_column_text]<\/p>\n<div data-canvas-width=\"116.08666666666664\">\n<div data-canvas-width=\"161.59866666666665\"><strong>Pakiet zawiera:<\/strong><\/div>\n<div>\u2022 noclegi z wy\u017cywieniem<\/div>\n<div>\u2022 \u015bniadania i obiadokolacje w formie bufetu<\/div>\n<div>\u2022 bogaty program animacji dla Du\u017cych i Ma\u0142ych<\/div>\n<div>\u2022 korzystanie ze Strefy Aqua (basen, jacuzzi, kaskada, przeciwpr\u0105d, zje\u017cd\u017calnia pontonowa)*<\/div>\n<div>\u2022 Korzystanie ze Strefy Wellness (sauna sucha, parowa, grota solna, \u015bciank\u0105 z t\u0119\u017cni\u0105)<\/div>\n<div>\u2022 Wypo\u017cyczanie sprz\u0119tu do grania: ping-pong, pi\u0142karzyki, cymbergaj<\/div>\n<div>\u2022 Festiwal Pizzy -50% na wszystkie (poniedzia\u0142ki, \u015brody, pi\u0105tki)<\/div>\n<div>\u2022 Rabat na masa\u017ce -15%<\/div>\n<div>\u2022 w czwartki ognisko i pieczenie kie\u0142basek (tylko przy bezdeszczowej pogodzie)<\/div>\n<div>\u2022 Internet WiFi w ca\u0142ym obiekcie<\/div>\n<div>\u2022 mo\u017cliwo\u015b\u0107 przyjechania z psem za dodatkow\u0105 op\u0142at\u0105<\/div>\n<\/div>\n<div><\/div>\n<p>[\/vc_column_text][\/vc_column][vc_column width=&#8221;1\/2&#8243;][vc_column_text]<\/p>\n<div data-canvas-width=\"116.08666666666664\">\n<div data-canvas-width=\"161.59866666666665\">\n<div><strong>W ka\u017cdym pokoju:<\/strong><\/div>\n<div>\u2022 zestaw r\u0119cznik\u00f3w dla ka\u017cdej osoby (du\u017cy i ma\u0142y)<\/div>\n<div>\u2022 lod\u00f3wka,<\/div>\n<div>\u2022 zestaw do parzenia kawy i herbaty (czajnik, fili\u017canki, \u0142y\u017ceczka, herbata, cukier),<\/div>\n<div>\u2022 suszarka do w\u0142os\u00f3w<\/div>\n<div>\u2022 telewizor z pakietem kana\u0142\u00f3w w r\u00f3\u017cnych j\u0119zykach (w wybranych pokojach TV smart)<\/div>\n<div>\u2022 bezp\u0142atny dost\u0119p do internetu WiFi w ca\u0142ym obiekcie<\/div>\n<div>\u2022 kosmetyki (myd\u0142o przy umywalce oraz p\u0142yn do k\u0105pieli pod prysznicem)<\/div>\n<\/div>\n<\/div>\n<p>[\/vc_column_text][vc_column_text]<\/p>\n<div data-canvas-width=\"116.08666666666664\">\n<div data-canvas-width=\"161.59866666666665\">\n<div><strong>Dla dzieci:<\/strong><\/div>\n<div>\u2022 specjalny bufet z ulubionymi dzieci\u0119cymi potrawami<\/div>\n<div>\u2022 program animacji<\/div>\n<div>\u2022 sala zabaw<\/div>\n<div>\u2022 seanse bajek z popcornem<\/div>\n<div><\/div>\n<\/div>\n<\/div>\n<p>[\/vc_column_text][\/vc_column][\/vc_row][vc_row][vc_column width=&#8221;1\/3&#8243;][vc_single_image image=&#8221;5121&#8243; img_size=&#8221;full&#8221; alignment=&#8221;center&#8221; style=&#8221;vc_box_circle&#8221;][\/vc_column][vc_column width=&#8221;2\/3&#8243;][vc_separator color=&#8221;juicy_pink&#8221; border_width=&#8221;3&#8243;][vc_column_text]<\/p>\n<h3><strong>SALKA FITNESS<\/strong><\/h3>\n<p>[\/vc_column_text][vc_column_text]<\/p>\n<div data-canvas-width=\"116.08666666666664\">\n<ul>\n<li>\ud83c\udfc3\u200d\u2642\ufe0f <strong>Bie\u017cnia elektryczna<\/strong> \u2013 na rozgrzewk\u0119 i trening wytrzyma\u0142o\u015bciowy<\/li>\n<li>\ud83d\udeb4\u200d\u2642\ufe0f <strong>Air Bike (rower treningowy)<\/strong> \u2013 intensywny trening cardio anga\u017cuj\u0105cy ca\u0142e cia\u0142o<\/li>\n<li>\ud83d\udd04 <strong>Orbitrek<\/strong> \u2013 poczuj wolno\u015b\u0107, jak\u0105 daje idealna symetria ruchu<\/li>\n<li>\ud83e\uddd8\u200d\u2640\ufe0f <strong>Maty \u0107wiczeniowe oraz pi\u0142ki gimnastyczne<\/strong> \u2013 dla komfortu i bezpiecze\u0144stwa podczas rozci\u0105gania i \u0107wicze\u0144 core<\/li>\n<\/ul>\n<\/div>\n<p>[\/vc_column_text][\/vc_column][\/vc_row][vc_row][vc_column][vc_column_text]\ud83d\udc86\u200d\u2640\ufe0f Go\u015bcie <strong>Hoteli i Apartament\u00f3w Gorzelanny w D\u017awirzynie<\/strong> maj\u0105 mo\u017cliwo\u015b\u0107 skorzystania z oferty zabieg\u00f3w, kt\u00f3re pozwalaj\u0105 na regeneracj\u0119 i odpr\u0119\u017cenie. W\u015br\u00f3d dost\u0119pnych us\u0142ug znajduj\u0105 si\u0119 <span tabindex=\"0\" role=\"button\" data-url=\"https:\/\/m.in\" aria-label=\"m.in, spowoduje to przej\u015bcie do domeny m.in\">m.in. <\/span>. <strong>ok\u0142ady borowinowe<\/strong>, <strong>masa\u017c plec\u00f3w<\/strong>, <strong>masa\u017c kr\u0119gos\u0142upa<\/strong>, <strong>masa\u017c ca\u0142ego cia\u0142a<\/strong> oraz r\u00f3\u017cnorodne <strong>masa\u017ce relaksacyjne<\/strong>, idealne po dniu pe\u0142nym atrakcji czy spacerze po pla\u017cy \ud83c\udf0a.<\/p>\n<p>\u2728 Dodatkowo, dla wszystkich go\u015bci obowi\u0105zuje <strong>specjalna zni\u017cka -15% na wszystkie zabiegi<\/strong>, dzi\u0119ki czemu relaks w hotelowym spa staje si\u0119 jeszcze bardziej dost\u0119pny i przyjemny. To doskona\u0142a okazja, aby po\u0142\u0105czy\u0107 wypoczynek nad morzem z profesjonaln\u0105 piel\u0119gnacj\u0105 cia\u0142a i chwil\u0105 tylko dla siebie.[\/vc_column_text][\/vc_column][\/vc_row][vc_row][vc_column][vc_media_grid element_width=&#8221;2&#8243; grid_id=&#8221;vc_gid:1773854969560-bdf884c4-3415-4&#8243; include=&#8221;4887,4918,4917,4921,4920,4252&#8243;][vc_separator color=&#8221;juicy_pink&#8221; border_width=&#8221;3&#8243;][vc_column_text]<\/p>\n<div style=\"text-align: center;\" data-canvas-width=\"53.36933333333333\">\n<p>Go\u015bcie Hoteli i Apartament\u00f3w Gorzelanny w D\u017awirzynie \ud83c\udf0a mog\u0105 skorzysta\u0107 z wyj\u0105tkowej propozycji \u2013 <strong>Drinks OPEN BAR<\/strong> \ud83c\udf79 w cenie 100 z\u0142 \ud83d\udcb8.<\/p>\n<p>Oferta obejmuje wybrane alkohole: w\u00f3dka \ud83e\udd43, wino domowe bia\u0142e \ud83c\udf7e, wino domowe czerwone \ud83c\udf77, piwo \ud83c\udf7a. Napoje ciep\u0142e: kawa \u2615, herbata \ud83c\udf75. Zimne napoje: Coca-Cola \ud83e\udd64, Fanta \ud83c\udf4a, Sprite \ud83c\udf4b, woda gazowana\/niegazowana \ud83d\udca7.<\/p>\n<p>Serwowane w okre\u015blonych godzinach \u23f0 <strong>14:00\u201317:00<\/strong> i <strong>19:00\u201320:00<\/strong>, dzi\u0119ki czemu ka\u017cdy wiecz\u00f3r mo\u017ce sta\u0107 si\u0119 okazj\u0105 do relaksu \ud83d\ude0c i wsp\u00f3lnej zabawy \ud83c\udfb6 w hotelowym barze \ud83c\udf78.<\/p>\n<p><em>Ofert\u0119 dotyczy wykupienia dla ka\u017cdej z os\u00f3b zameldowanych w pokoju \ud83d\udece\ufe0f.<\/em><\/p>\n<\/div>\n<p>[\/vc_column_text][vc_separator color=&#8221;juicy_pink&#8221; border_width=&#8221;3&#8243;][\/vc_column][\/vc_row][vc_row shadow_x_offset=&#8221;0&#8243; shadow_y_offset=&#8221;0&#8243; shadow_blur=&#8221;0&#8243; shadow_spread=&#8221;0&#8243;][vc_column width=&#8221;1\/2&#8243; shadow_x_offset=&#8221;0&#8243; shadow_y_offset=&#8221;0&#8243; shadow_blur=&#8221;0&#8243; shadow_spread=&#8221;0&#8243; shadow_color=&#8221;&#8221;][vc_message css=&#8221;.vc_custom_1773854990248{background-color: #d7e8f4 !important;}&#8221;]<\/p>\n<div data-canvas-width=\"160.35199999999998\"><strong>Informacje dodatkowe:<\/strong><\/div>\n<div>\u2022 mo\u017cliwo\u015b\u0107 przyjechania z pupilem (dodatkowo p\u0142atne)<\/div>\n<div>\u2022 bogaty program animacji dla Du\u017cych i Ma\u0142ych<\/div>\n<div>\u2022 basen zewn\u0119trzny czynny od lipca 2026<\/div>\n<div>\u2022 oferta masa\u017cy relaksacyjnych i klasycznych<\/div>\n<p>[\/vc_message][vc_column_text css=&#8221;.vc_custom_1773854999950{padding-top: 30px !important;padding-right: 30px !important;padding-bottom: 30px !important;padding-left: 30px !important;background-color: #d7e8f4 !important;border-radius: 10px !important;}&#8221;]<\/p>\n<p style=\"text-align: center;\">Rozpocz\u0119cie doby hotelowej godz. 16:00,<\/p>\n<p style=\"text-align: center;\">zako\u0144czenie godz. 11:00<br \/>\nMo\u017cliwo\u015b\u0107 wcze\u015bniejszego zakwaterowania mi\u0119dzy godz. 12:00-16:00 za dodatkow\u0105 op\u0142at\u0105 50 z\u0142<\/p>\n<p style=\"text-align: left;\"><strong>TEL:<\/strong>\u00a0<a href=\"tel:0048661404873\">661-404-873<\/a><\/p>\n<p style=\"text-align: left;\"><strong>MAIL:<\/strong> \u00a0<a href=\"mailto:rezerwacja.apartamenty@gorzelanny.pl\">rezerwacja.apartamenty@gorzelanny.pl<\/a><\/p>\n<p>[\/vc_column_text][\/vc_column][vc_column width=&#8221;1\/2&#8243;][vc_message css=&#8221;.vc_custom_1773855016080{background-color: #d7e8f4 !important;}&#8221;]<\/p>\n<div data-canvas-width=\"604.3692000000001\">\n<div style=\"text-align: center;\" data-canvas-width=\"619.0240000000001\">\n<div data-canvas-width=\"213.42399999999998\">\n<div class=\"document-page\" data-page=\"1\">\n<div class=\"pdf-page\">\n<div class=\"text-wrapper user-select-text\">\n<div data-canvas-width=\"142.76799999999997\"><strong>Cena nie zawiera:<\/strong><\/div>\n<\/div>\n<\/div>\n<\/div>\n<\/div>\n<\/div>\n<\/div>\n<p>[\/vc_message][vc_message css=&#8221;.vc_custom_1773855025456{background-color: #d7e8f4 !important;}&#8221;]<\/p>\n<div data-canvas-width=\"604.3692000000001\">\n<div style=\"text-align: center;\" data-canvas-width=\"619.0240000000001\">\n<div data-canvas-width=\"213.42399999999998\">\n<div class=\"document-page\" data-page=\"1\">\n<div class=\"pdf-page\">\n<div class=\"text-wrapper user-select-text\">\n<ol>\n<li style=\"text-align: left;\" data-canvas-width=\"142.76799999999997\">Op\u0142aty klimatycznej: 3 PLN\/noc\/os.<\/li>\n<li style=\"text-align: left;\" data-canvas-width=\"142.76799999999997\">\u00a0Mo\u017cliwo\u015b\u0107 przyjazdu z czworonogiem, op\u0142ata: 70 PLN za dob\u0119 (tylko w apartamentach Family i Standard, oraz po uzgodnieniu z recepcj\u0105)<\/li>\n<li style=\"text-align: left;\" data-canvas-width=\"142.76799999999997\">\u00a0Op\u0142ata za parking:30 PLN za dob\u0119 do 31 maja 2026 r. 45 PLN za dob\u0119 od 1 czerwca do 30 wrze\u015bnia 2026 r. 35 PLN za dob\u0119 od 1 pa\u017adziernika do 20 grudnia 2026 r.<\/li>\n<\/ol>\n<\/div>\n<\/div>\n<\/div>\n<\/div>\n<div data-canvas-width=\"187.00799999999998\"><\/div>\n<div data-canvas-width=\"213.42399999999998\">\n<div class=\"document-page\" data-page=\"2\">\n<div class=\"pdf-page\">\n<div class=\"text-wrapper user-select-text\">\n<div data-canvas-width=\"187.00799999999998\"><\/div>\n<div data-canvas-width=\"502.9599999999998\"><\/div>\n<\/div>\n<\/div>\n<\/div>\n<\/div>\n<\/div>\n<\/div>\n<p>[\/vc_message][\/vc_column][\/vc_row][vc_row][vc_column][vc_empty_space][vc_separator][vc_column_text]<\/p>\n<h3 style=\"text-align: center;\">SPRAWD\u0179 POZOSTA\u0141E OFERTY<\/h3>\n<p>[\/vc_column_text][vc_separator][vc_basic_grid post_type=&#8221;page&#8221; max_items=&#8221;100&#8243; style=&#8221;pagination&#8221; items_per_page=&#8221;3&#8243; orderby=&#8221;menu_order&#8221; order=&#8221;ASC&#8221; loop=&#8221;yes&#8221; autoplay=&#8221;4&#8243; grid_id=&#8221;vc_gid:1773854969569-b5240346-94cd-7&#8243; taxonomies=&#8221;63&#8243;][\/vc_column][\/vc_row][vc_row][vc_column][vc_column_text]<\/p>\n<p>[\/vc_column_text][\/vc_column][\/vc_row]<\/p>\n","protected":false},"excerpt":{"rendered":"<p>Rodzinne wakacje nad morzem 2026. Zdrowy klimat, morskie powietrze, &#8230;<\/p>\n<p>\ud83d\udcc5 Termin: do ustalenia<br \/>\n\ud83d\udcb0 Cena: sprawd\u017a szczeg\u00f3\u0142y oferty<\/p>\n","protected":false},"author":1,"featured_media":5320,"parent":0,"menu_order":5,"comment_status":"closed","ping_status":"closed","template":"","meta":{"footnotes":""},"class_list":["post-3556","page","type-page","status-publish","has-post-thumbnail","hentry","kategorie_stron-oferta_specjalna"],"yoast_head":"<!-- This site is optimized with the Yoast SEO plugin v27.0 - https:\/\/yoast.com\/product\/yoast-seo-wordpress\/ -->\n<title>PAKIET WAKACJE 2026 - Hotel i Apartameny Gorzelanny w D\u017awirzynie, gmina Ko\u0142obrzeg<\/title>\n<meta name=\"robots\" content=\"index, follow, max-snippet:-1, max-image-preview:large, max-video-preview:-1\" \/>\n<link rel=\"canonical\" href=\"https:\/\/gorzelanny.pl\/hotel-dzwirzyno\/pakiet-wakacje\/\" \/>\n<meta property=\"og:locale\" content=\"pl_PL\" \/>\n<meta property=\"og:type\" content=\"article\" \/>\n<meta property=\"og:title\" content=\"PAKIET WAKACJE 2026 - Hotel i Apartameny Gorzelanny w D\u017awirzynie, gmina Ko\u0142obrzeg\" \/>\n<meta property=\"og:description\" content=\"Rodzinne wakacje nad morzem 2026. Zdrowy klimat, morskie powietrze, ...  \ud83d\udcc5 Termin: do ustalenia \ud83d\udcb0 Cena: sprawd\u017a szczeg\u00f3\u0142y oferty\" \/>\n<meta property=\"og:url\" content=\"https:\/\/gorzelanny.pl\/hotel-dzwirzyno\/pakiet-wakacje\/\" \/>\n<meta property=\"og:site_name\" content=\"Hotel i Apartameny Gorzelanny w D\u017awirzynie, gmina Ko\u0142obrzeg\" \/>\n<meta property=\"article:publisher\" content=\"https:\/\/www.facebook.com\/hotele.gorzelanny\" \/>\n<meta property=\"article:modified_time\" content=\"2026-03-18T17:30:27+00:00\" \/>\n<meta property=\"og:image\" content=\"https:\/\/gorzelanny.pl\/hotel-dzwirzyno\/wp-content\/uploads\/2026\/02\/IMG_20200503_160843-1-1024x768.jpg\" \/>\n\t<meta property=\"og:image:width\" content=\"1024\" \/>\n\t<meta property=\"og:image:height\" content=\"768\" \/>\n\t<meta property=\"og:image:type\" content=\"image\/jpeg\" \/>\n<meta name=\"twitter:card\" content=\"summary_large_image\" \/>\n<meta name=\"twitter:label1\" content=\"Szacowany czas czytania\" \/>\n\t<meta name=\"twitter:data1\" content=\"7 minut\" \/>\n<script type=\"application\/ld+json\" class=\"yoast-schema-graph\">{\"@context\":\"https:\/\/schema.org\",\"@graph\":[{\"@type\":\"WebPage\",\"@id\":\"https:\/\/gorzelanny.pl\/hotel-dzwirzyno\/pakiet-wakacje\/\",\"url\":\"https:\/\/gorzelanny.pl\/hotel-dzwirzyno\/pakiet-wakacje\/\",\"name\":\"PAKIET WAKACJE 2026 - Hotel i Apartameny Gorzelanny w D\u017awirzynie, gmina Ko\u0142obrzeg\",\"isPartOf\":{\"@id\":\"https:\/\/gorzelanny.pl\/hotel-dzwirzyno\/#website\"},\"primaryImageOfPage\":{\"@id\":\"https:\/\/gorzelanny.pl\/hotel-dzwirzyno\/pakiet-wakacje\/#primaryimage\"},\"image\":{\"@id\":\"https:\/\/gorzelanny.pl\/hotel-dzwirzyno\/pakiet-wakacje\/#primaryimage\"},\"thumbnailUrl\":\"https:\/\/gorzelanny.pl\/hotel-dzwirzyno\/wp-content\/uploads\/2026\/02\/IMG_20200503_160843-1.jpg\",\"datePublished\":\"2024-10-25T10:41:58+00:00\",\"dateModified\":\"2026-03-18T17:30:27+00:00\",\"breadcrumb\":{\"@id\":\"https:\/\/gorzelanny.pl\/hotel-dzwirzyno\/pakiet-wakacje\/#breadcrumb\"},\"inLanguage\":\"pl-PL\",\"potentialAction\":[{\"@type\":\"ReadAction\",\"target\":[\"https:\/\/gorzelanny.pl\/hotel-dzwirzyno\/pakiet-wakacje\/\"]}]},{\"@type\":\"ImageObject\",\"inLanguage\":\"pl-PL\",\"@id\":\"https:\/\/gorzelanny.pl\/hotel-dzwirzyno\/pakiet-wakacje\/#primaryimage\",\"url\":\"https:\/\/gorzelanny.pl\/hotel-dzwirzyno\/wp-content\/uploads\/2026\/02\/IMG_20200503_160843-1.jpg\",\"contentUrl\":\"https:\/\/gorzelanny.pl\/hotel-dzwirzyno\/wp-content\/uploads\/2026\/02\/IMG_20200503_160843-1.jpg\",\"width\":4032,\"height\":3024},{\"@type\":\"BreadcrumbList\",\"@id\":\"https:\/\/gorzelanny.pl\/hotel-dzwirzyno\/pakiet-wakacje\/#breadcrumb\",\"itemListElement\":[{\"@type\":\"ListItem\",\"position\":1,\"name\":\"Home\",\"item\":\"https:\/\/gorzelanny.pl\/hotel-dzwirzyno\/\"},{\"@type\":\"ListItem\",\"position\":2,\"name\":\"PAKIET WAKACJE 2026\"}]},{\"@type\":\"WebSite\",\"@id\":\"https:\/\/gorzelanny.pl\/hotel-dzwirzyno\/#website\",\"url\":\"https:\/\/gorzelanny.pl\/hotel-dzwirzyno\/\",\"name\":\"Hotel i Apartameny Gorzelanny w D\u017awirzynie, gmina Ko\u0142obrzeg\",\"description\":\"Pobyty z wy\u017cywieniem dla rodzin z dzie\u0107mi, blisko pla\u017cy. Pokoje z klimatyzacj\u0105, basen z rynn\u0105 wodn\u0105, jacuzzi, restauracja, parking. Przyjazny zwierz\u0119tom.\",\"potentialAction\":[{\"@type\":\"SearchAction\",\"target\":{\"@type\":\"EntryPoint\",\"urlTemplate\":\"https:\/\/gorzelanny.pl\/hotel-dzwirzyno\/?s={search_term_string}\"},\"query-input\":{\"@type\":\"PropertyValueSpecification\",\"valueRequired\":true,\"valueName\":\"search_term_string\"}}],\"inLanguage\":\"pl-PL\"}]}<\/script>\n<!-- \/ Yoast SEO plugin. -->","yoast_head_json":{"title":"PAKIET WAKACJE 2026 - Hotel i Apartameny Gorzelanny w D\u017awirzynie, gmina Ko\u0142obrzeg","robots":{"index":"index","follow":"follow","max-snippet":"max-snippet:-1","max-image-preview":"max-image-preview:large","max-video-preview":"max-video-preview:-1"},"canonical":"https:\/\/gorzelanny.pl\/hotel-dzwirzyno\/pakiet-wakacje\/","og_locale":"pl_PL","og_type":"article","og_title":"PAKIET WAKACJE 2026 - Hotel i Apartameny Gorzelanny w D\u017awirzynie, gmina Ko\u0142obrzeg","og_description":"Rodzinne wakacje nad morzem 2026. Zdrowy klimat, morskie powietrze, ...  \ud83d\udcc5 Termin: do ustalenia \ud83d\udcb0 Cena: sprawd\u017a szczeg\u00f3\u0142y oferty","og_url":"https:\/\/gorzelanny.pl\/hotel-dzwirzyno\/pakiet-wakacje\/","og_site_name":"Hotel i Apartameny Gorzelanny w D\u017awirzynie, gmina Ko\u0142obrzeg","article_publisher":"https:\/\/www.facebook.com\/hotele.gorzelanny","article_modified_time":"2026-03-18T17:30:27+00:00","og_image":[{"width":1024,"height":768,"url":"https:\/\/gorzelanny.pl\/hotel-dzwirzyno\/wp-content\/uploads\/2026\/02\/IMG_20200503_160843-1-1024x768.jpg","type":"image\/jpeg"}],"twitter_card":"summary_large_image","twitter_misc":{"Szacowany czas czytania":"7 minut"},"schema":{"@context":"https:\/\/schema.org","@graph":[{"@type":"WebPage","@id":"https:\/\/gorzelanny.pl\/hotel-dzwirzyno\/pakiet-wakacje\/","url":"https:\/\/gorzelanny.pl\/hotel-dzwirzyno\/pakiet-wakacje\/","name":"PAKIET WAKACJE 2026 - Hotel i Apartameny Gorzelanny w D\u017awirzynie, gmina Ko\u0142obrzeg","isPartOf":{"@id":"https:\/\/gorzelanny.pl\/hotel-dzwirzyno\/#website"},"primaryImageOfPage":{"@id":"https:\/\/gorzelanny.pl\/hotel-dzwirzyno\/pakiet-wakacje\/#primaryimage"},"image":{"@id":"https:\/\/gorzelanny.pl\/hotel-dzwirzyno\/pakiet-wakacje\/#primaryimage"},"thumbnailUrl":"https:\/\/gorzelanny.pl\/hotel-dzwirzyno\/wp-content\/uploads\/2026\/02\/IMG_20200503_160843-1.jpg","datePublished":"2024-10-25T10:41:58+00:00","dateModified":"2026-03-18T17:30:27+00:00","breadcrumb":{"@id":"https:\/\/gorzelanny.pl\/hotel-dzwirzyno\/pakiet-wakacje\/#breadcrumb"},"inLanguage":"pl-PL","potentialAction":[{"@type":"ReadAction","target":["https:\/\/gorzelanny.pl\/hotel-dzwirzyno\/pakiet-wakacje\/"]}]},{"@type":"ImageObject","inLanguage":"pl-PL","@id":"https:\/\/gorzelanny.pl\/hotel-dzwirzyno\/pakiet-wakacje\/#primaryimage","url":"https:\/\/gorzelanny.pl\/hotel-dzwirzyno\/wp-content\/uploads\/2026\/02\/IMG_20200503_160843-1.jpg","contentUrl":"https:\/\/gorzelanny.pl\/hotel-dzwirzyno\/wp-content\/uploads\/2026\/02\/IMG_20200503_160843-1.jpg","width":4032,"height":3024},{"@type":"BreadcrumbList","@id":"https:\/\/gorzelanny.pl\/hotel-dzwirzyno\/pakiet-wakacje\/#breadcrumb","itemListElement":[{"@type":"ListItem","position":1,"name":"Home","item":"https:\/\/gorzelanny.pl\/hotel-dzwirzyno\/"},{"@type":"ListItem","position":2,"name":"PAKIET WAKACJE 2026"}]},{"@type":"WebSite","@id":"https:\/\/gorzelanny.pl\/hotel-dzwirzyno\/#website","url":"https:\/\/gorzelanny.pl\/hotel-dzwirzyno\/","name":"Hotel i Apartameny Gorzelanny w D\u017awirzynie, gmina Ko\u0142obrzeg","description":"Pobyty z wy\u017cywieniem dla rodzin z dzie\u0107mi, blisko pla\u017cy. Pokoje z klimatyzacj\u0105, basen z rynn\u0105 wodn\u0105, jacuzzi, restauracja, parking. Przyjazny zwierz\u0119tom.","potentialAction":[{"@type":"SearchAction","target":{"@type":"EntryPoint","urlTemplate":"https:\/\/gorzelanny.pl\/hotel-dzwirzyno\/?s={search_term_string}"},"query-input":{"@type":"PropertyValueSpecification","valueRequired":true,"valueName":"search_term_string"}}],"inLanguage":"pl-PL"}]}},"_links":{"self":[{"href":"https:\/\/gorzelanny.pl\/hotel-dzwirzyno\/wp-json\/wp\/v2\/pages\/3556","targetHints":{"allow":["GET"]}}],"collection":[{"href":"https:\/\/gorzelanny.pl\/hotel-dzwirzyno\/wp-json\/wp\/v2\/pages"}],"about":[{"href":"https:\/\/gorzelanny.pl\/hotel-dzwirzyno\/wp-json\/wp\/v2\/types\/page"}],"author":[{"embeddable":true,"href":"https:\/\/gorzelanny.pl\/hotel-dzwirzyno\/wp-json\/wp\/v2\/users\/1"}],"replies":[{"embeddable":true,"href":"https:\/\/gorzelanny.pl\/hotel-dzwirzyno\/wp-json\/wp\/v2\/comments?post=3556"}],"version-history":[{"count":90,"href":"https:\/\/gorzelanny.pl\/hotel-dzwirzyno\/wp-json\/wp\/v2\/pages\/3556\/revisions"}],"predecessor-version":[{"id":5412,"href":"https:\/\/gorzelanny.pl\/hotel-dzwirzyno\/wp-json\/wp\/v2\/pages\/3556\/revisions\/5412"}],"wp:featuredmedia":[{"embeddable":true,"href":"https:\/\/gorzelanny.pl\/hotel-dzwirzyno\/wp-json\/wp\/v2\/media\/5320"}],"wp:attachment":[{"href":"https:\/\/gorzelanny.pl\/hotel-dzwirzyno\/wp-json\/wp\/v2\/media?parent=3556"}],"curies":[{"name":"wp","href":"https:\/\/api.w.org\/{rel}","templated":true}]}}