{"id":3759,"date":"2024-12-16T12:34:25","date_gmt":"2024-12-16T11:34:25","guid":{"rendered":"https:\/\/gorzelanny.pl\/hotel-dzwirzyno\/?page_id=3759"},"modified":"2026-04-09T09:17:06","modified_gmt":"2026-04-09T07:17:06","slug":"wielkanoc-2026","status":"publish","type":"page","link":"https:\/\/gorzelanny.pl\/hotel-dzwirzyno\/wielkanoc-2026\/","title":{"rendered":"WIELKANOC 2026"},"content":{"rendered":"<p>[vc_row][vc_column width=&#8221;2\/3&#8243;][vc_column_text]<\/p>\n<h3 style=\"text-align: center;\" data-canvas-width=\"243.58400000000006\"><span style=\"color: #99cc00;\"><strong>Wielkanocny Relaks nad Ba\u0142tykiem<\/strong><\/span><\/h3>\n<h3 style=\"text-align: center;\" data-canvas-width=\"148\"><span style=\"color: #99cc00;\"><strong>3.04.2026 \u2013 6.04.2026<\/strong><\/span><\/h3>\n<p>[\/vc_column_text][vc_column_text]<\/p>\n<div data-canvas-width=\"641.212\">\n<h4>\ud83c\udf0a\ud83d\udc23 Sp\u0119d\u017a Wielkanoc nad morzem w wyj\u0105tkowej rodzinnej atmosferze, gdzie tradycja spotyka si\u0119 z relaksem. \u015awi\u0105teczne smaki przenosz\u0105 w \u015bwiat kulinarnych wspomnie\u0144 i nowych dozna\u0144. Odpocznij, ws\u0142uchuj\u0105c si\u0119 w koj\u0105cy szum fal, kt\u00f3ry nada ka\u017cdej chwili spokoju i harmonii. Celebruj Wielkanoc w otoczeniu natury i nadmorskiego klimatu, gdzie rado\u015b\u0107 \u015bwi\u0105t \u0142\u0105czy si\u0119 z chwilami wytchnienia i blisko\u015bci\u0105 najbli\u017cszych. Pozw\u00f3l sobie na \u015bwi\u0119ta pe\u0142ne magii, z dala od codzienno\u015bci, w miejscu kt\u00f3re inspiruje i daje energi\u0119 na nadchodz\u0105c\u0105 wiosn\u0119 \u2728<\/h4>\n<\/div>\n<p>[\/vc_column_text][\/vc_column][vc_column width=&#8221;1\/3&#8243;][vc_single_image image=&#8221;5150&#8243; img_size=&#8221;full&#8221; alignment=&#8221;center&#8221; style=&#8221;vc_box_outline_circle&#8221;][\/vc_column][\/vc_row][vc_row][vc_column][vc_message]<\/p>\n<p style=\"text-align: center;\">LAST MINUTE do ko\u0144ca marca -15%<\/p>\n<p>[\/vc_message][vc_empty_space][vc_media_grid element_width=&#8221;3&#8243; grid_id=&#8221;vc_gid:1774011358492-e4a57225-6875-8&#8243; include=&#8221;4921,4947,4942,4939&#8243;][vc_empty_space][vc_column_text]<\/p>\n<div data-canvas-width=\"116.08666666666664\"><strong>PAKIET ZAWIERA:<\/strong><\/div>\n<ul>\n<li data-canvas-width=\"433.83600000000007\">\n<div>3 noclegi w komfortowych apartamentach i pokojach hotelowych<\/div>\n<\/li>\n<li data-canvas-width=\"433.83600000000007\">\n<div>wielkopostn\u0105 kolacj\u0119 w Wielki Pi\u0105tek<\/div>\n<\/li>\n<li data-canvas-width=\"433.83600000000007\">\n<div>wy\u015bmienity bufet \u015bniadaniowy w Wielk\u0105 Sobot\u0119<\/div>\n<\/li>\n<li data-canvas-width=\"433.83600000000007\">\n<div>tradycyjne \u015bniadanie \u015bwi\u0105teczne w Niedziel\u0119 i Poniedzia\u0142ek Wielkanocny,<\/div>\n<\/li>\n<li data-canvas-width=\"433.83600000000007\">\n<div data-canvas-width=\"266.976\">2 obiadokolacje w Wielk\u0105 Sobot\u0119, Niedziel\u0119 rodzinne ognisko z pieczeniem kie\u0142basek w Wielk\u0105 Sobot\u0119<\/div>\n<\/li>\n<li data-canvas-width=\"433.83600000000007\">\n<div data-canvas-width=\"266.976\">s\u0142odkie popo\u0142udnie w dniu 05.04. w godzinach 14:00 &#8211; 15:00 przy kawie i d\u017awi\u0119kach muzyki<\/div>\n<\/li>\n<li data-canvas-width=\"433.83600000000007\">\n<div data-canvas-width=\"266.976\">podtrzymujemy wielkanocne tradycje, dlatego w Lany Poniedzia\u0142ek zapraszamy na weso\u0142\u0105 zabaw\u0119 na \u015bwie\u017cym powietrzu!<\/div>\n<\/li>\n<li data-canvas-width=\"433.83600000000007\">\n<div data-canvas-width=\"266.976\">\u015bwi\u0105teczny program animacyjny dla dzieci w Wielk\u0105 Sobot\u0119 i Niedziel\u0119 4-5.04.26 (warsztaty plastyczne, konkurs na najpi\u0119kniejsz\u0105 pisank\u0119, nadmorska wybitka \u2013 czyje jajko si\u0119 rozbije)<\/div>\n<\/li>\n<li data-canvas-width=\"433.83600000000007\">\n<div data-canvas-width=\"266.976\">rodzinne disco<\/div>\n<\/li>\n<li data-canvas-width=\"433.83600000000007\">\n<div data-canvas-width=\"266.976\">warsztaty kulinarne z tworzeniem wielkanocnych ciasteczek<\/div>\n<\/li>\n<li data-canvas-width=\"433.83600000000007\">\n<div data-canvas-width=\"266.976\">10% rabatu na zabiegi SPA<\/div>\n<\/li>\n<li data-canvas-width=\"433.83600000000007\">\n<div data-canvas-width=\"266.976\">bezp\u0142atne jedno miejsce parkingowe<\/div>\n<\/li>\n<li data-canvas-width=\"433.83600000000007\">\n<div data-canvas-width=\"266.976\">zakwaterowanie od godz. 16:00, przed\u0142u\u017cona doba hotelowa w dniu wyjazdu do godz. 12:00 (6.04.2026)<\/div>\n<\/li>\n<li data-canvas-width=\"433.83600000000007\">\n<div data-canvas-width=\"266.976\">szybki internet WLAN w ca\u0142ym obiekcie<\/div>\n<\/li>\n<li data-canvas-width=\"433.83600000000007\">\n<div data-canvas-width=\"629.6640000000001\">istnieje mo\u017cliwo\u015b\u0107 zam\u00f3wienia koszyczka wielkanocnego w cenie 100 PLN. Prosimy zg\u0142osi\u0107 tak\u0105 pro\u015bb\u0119 w momencie rezerwacji.<\/div>\n<\/li>\n<li data-canvas-width=\"433.83600000000007\">\n<div data-canvas-width=\"629.6640000000001\">nielimitowane korzystanie ze strefy Wellness (basen, zje\u017cd\u017calnia pontonowa, sauna, jacuzzi, grota solna z ma\u0142\u0105 t\u0119\u017cni\u0105 solankow\u0105) oraz sali fitness<\/div>\n<\/li>\n<\/ul>\n<p>[\/vc_column_text][vc_empty_space][vc_column_text]<strong>Warunki przedp\u0142aty dla pakiet\u00f3w na terminy specjalne:<\/strong><\/p>\n<ol>\n<li>Rezerwacja pakietu na termin specjalny wymaga wp\u0142aty zadatku w wysoko\u015bci 50% warto\u015bci rezerwacji, w terminie 7 dni od dnia jej potwierdzenia przez Hotel.<\/li>\n<li>Pozosta\u0142a cz\u0119\u015b\u0107 nale\u017cno\u015bci za pobyt powinna zosta\u0107 uregulowana najp\u00f3\u017aniej na 14 dni przed planowanym terminem przyjazdu.<\/li>\n<li>W przypadku braku wp\u0142aty zadatku lub pozosta\u0142ej nale\u017cno\u015bci w wyznaczonych terminach, Hotel zastrzega sobie prawo do anulowania rezerwacji.<\/li>\n<\/ol>\n<p><strong>Warunki anulacji dla pakiet\u00f3w na terminy specjalne<\/strong><\/p>\n<ol>\n<li>Go\u015b\u0107 ma prawo do bezp\u0142atnej anulacji rezerwacji w terminie do 7 dni od dnia jej potwierdzenia przez Hotel.<\/li>\n<li>W przypadku anulacji rezerwacji po up\u0142ywie 7 dni od jej potwierdzenia, lecz nie p\u00f3\u017aniej ni\u017c 14 dni przed planowanym terminem przyjazdu, Hotel zatrzymuje wp\u0142acony zadatek.<\/li>\n<li>W przypadku anulacji rezerwacji dokonanej na mniej ni\u017c 14 dni przed planowanym terminem przyjazdu lub niepojawienia si\u0119 Go\u015bcia w dniu przyjazdu, Hotel ma prawo obci\u0105\u017cy\u0107 Go\u015bcia pe\u0142n\u0105 warto\u015bci\u0105 rezerwacji.<\/li>\n<\/ol>\n<p>[\/vc_column_text][\/vc_column][\/vc_row][vc_row][vc_column][\/vc_column][\/vc_row][vc_row][vc_column width=&#8221;1\/3&#8243;][vc_single_image image=&#8221;5121&#8243; img_size=&#8221;full&#8221; alignment=&#8221;center&#8221; style=&#8221;vc_box_circle&#8221;][\/vc_column][vc_column width=&#8221;2\/3&#8243;][vc_separator color=&#8221;peacoc&#8221; border_width=&#8221;3&#8243;][vc_column_text]<\/p>\n<h3><strong>SALA FITNESS<\/strong><\/h3>\n<p>[\/vc_column_text][vc_column_text]<\/p>\n<div data-canvas-width=\"116.08666666666664\">\n<ul>\n<li>\ud83c\udfc3\u200d\u2642\ufe0f <strong>Bie\u017cnia elektryczna<\/strong> \u2013 na rozgrzewk\u0119 i trening wytrzyma\u0142o\u015bciowy<\/li>\n<li>\ud83d\udeb4\u200d\u2642\ufe0f <strong>Air Bike (rower treningowy)<\/strong> \u2013 intensywny trening cardio anga\u017cuj\u0105cy ca\u0142e cia\u0142o<\/li>\n<li>\ud83d\udd04 <strong>Orbitrek<\/strong> \u2013 poczuj wolno\u015b\u0107, jak\u0105 daje idealna symetria ruchu<\/li>\n<li>\ud83c\udfcb\ufe0f\u200d\u2640\ufe0f <strong>Zestaw hantli w r\u00f3\u017cnych wagach<\/strong> \u2013 idealny do trening\u00f3w si\u0142owych i funkcjonalnych<\/li>\n<li>\ud83e\uddd8\u200d\u2640\ufe0f <strong>Maty \u0107wiczeniowe oraz pi\u0142ki gimnastyczne<\/strong> \u2013 dla komfortu i bezpiecze\u0144stwa podczas rozci\u0105gania i \u0107wicze\u0144 core<\/li>\n<\/ul>\n<\/div>\n<p>[\/vc_column_text][\/vc_column][\/vc_row][vc_row][vc_column width=&#8221;2\/3&#8243;][vc_separator color=&#8221;peacoc&#8221; border_width=&#8221;3&#8243;][vc_column_text]<\/p>\n<h3 data-canvas-width=\"206.24\"><span style=\"color: #ff6600;\"><strong>&#8211; 10% na wszystkie zabiegi SPA<\/strong><\/span><\/h3>\n<p>[\/vc_column_text][vc_column_text]\ud83d\udc86\u200d\u2640\ufe0f Go\u015bcie <strong>Hoteli i Apartament\u00f3w Gorzelanny w D\u017awirzynie<\/strong> maj\u0105 mo\u017cliwo\u015b\u0107 skorzystania z oferty zabieg\u00f3w, kt\u00f3re pozwalaj\u0105 na regeneracj\u0119 i odpr\u0119\u017cenie. W\u015br\u00f3d dost\u0119pnych us\u0142ug znajduj\u0105 si\u0119 <span tabindex=\"0\" role=\"button\" data-url=\"https:\/\/m.in\" aria-label=\"m.in, spowoduje to przej\u015bcie do domeny m.in\">m.in. <\/span>. <strong>ok\u0142ady borowinowe<\/strong>, <strong>masa\u017c plec\u00f3w<\/strong>, <strong>masa\u017c kr\u0119gos\u0142upa<\/strong>, <strong>masa\u017c ca\u0142ego cia\u0142a<\/strong> oraz r\u00f3\u017cnorodne <strong>masa\u017ce relaksacyjne<\/strong>, idealne po dniu pe\u0142nym atrakcji czy spacerze po pla\u017cy \ud83c\udf0a.<\/p>\n<p>\u2728 Wszystkim go\u015bciom na pobycie w ramach pakietu przys\u0142uguje <strong>zni\u017cka -10% na wszystkie zabiegi<\/strong>, dzi\u0119ki czemu relaks w hotelowym spa staje si\u0119 jeszcze bardziej dost\u0119pny i przyjemny. To doskona\u0142a okazja, aby po\u0142\u0105czy\u0107 wypoczynek nad morzem z profesjonaln\u0105 piel\u0119gnacj\u0105 cia\u0142a i chwil\u0105 tylko dla siebie.[\/vc_column_text][\/vc_column][vc_column width=&#8221;1\/3&#8243;][vc_single_image image=&#8221;4916&#8243; img_size=&#8221;full&#8221; alignment=&#8221;center&#8221; style=&#8221;vc_box_circle_2&#8243;][\/vc_column][\/vc_row][vc_row][vc_column][vc_media_grid element_width=&#8221;3&#8243; grid_id=&#8221;vc_gid:1774011358496-0bae09e2-e839-4&#8243; include=&#8221;4917,4918,4921,4920&#8243;][\/vc_column][\/vc_row][vc_row][vc_column][vc_empty_space height=&#8221;72px&#8221;][vc_column_text css=&#8221;.vc_custom_1765447473873{padding-top: 30px !important;padding-right: 30px !important;padding-bottom: 30px !important;padding-left: 30px !important;background-color: #acc0e5 !important;border-radius: 10px !important;}&#8221;]<\/p>\n<h5 style=\"text-align: center;\">\ud83c\udf38\ud83d\udc23 Nie przegap okazji! Zarezerwuj wyj\u0105tkowy wypoczynek wielkanocny nad morzem w Hotelach i Apartamentach Gorzelanny w D\u017awirzynie ju\u017c dzi\u015b \ud83c\udf0a\u2728. Czeka na Ciebie relaks w strefie wellness, rodzinne animacje dla dzieci, \u015bwi\u0105teczne atrakcje oraz bogata oferta kulinarna z tradycyjnymi potrawami wielkanocnymi. Sp\u0119d\u017a niezapomniane chwile nad wiosennym Ba\u0142tykiem i poczuj magi\u0119 \u015bwi\u0105t w wyj\u0105tkowej atmosferze. \ud83c\udf05\ud83e\udd5a\ud83c\udf3f<\/h5>\n<h5 style=\"text-align: center;\">\ud83d\udcde <strong>Telefon kontaktowy:<\/strong>\u00a0<a href=\"tel:0048661404873\">661-404-873<\/a><\/h5>\n<h5 style=\"text-align: center;\">\ud83d\udce7 <strong>Adres e-mail:<\/strong> \u00a0<a href=\"mailto:rezerwacja.apartamenty@gorzelanny.pl\">rezerwacja.apartamenty@gorzelanny.pl<\/a><\/h5>\n<h5 style=\"text-align: center;\">Zaplanuj sw\u00f3j wielkanocny wypoczynek i podaruj sobie oraz bliskim radosne wspomnienia pe\u0142ne \u015bwi\u0105tecznej atmosfery. \ud83c\udf3c\ud83d\udc86\u200d\u2640\ufe0f\ud83c\udf89<\/h5>\n<p>[\/vc_column_text][\/vc_column][\/vc_row][vc_row][vc_column][vc_empty_space][vc_separator][vc_column_text]<\/p>\n<h3 style=\"text-align: center;\"><strong>SPRAWD\u0179 POZOSTA\u0141E OFERTY<\/strong><\/h3>\n<p>[\/vc_column_text][vc_separator][vc_basic_grid post_type=&#8221;page&#8221; max_items=&#8221;100&#8243; style=&#8221;pagination&#8221; items_per_page=&#8221;3&#8243; orderby=&#8221;menu_order&#8221; order=&#8221;ASC&#8221; loop=&#8221;yes&#8221; autoplay=&#8221;4&#8243; grid_id=&#8221;vc_gid:1774011358499-683cdb08-77ac-8&#8243; taxonomies=&#8221;63&#8243;][\/vc_column][\/vc_row]<\/p>\n","protected":false},"excerpt":{"rendered":"<p>Sp\u0119d\u017a \u015awi\u0119ta Wielkanocne w rodzinnej atmosferze nad morzem<\/p>\n<p>\ud83d\udcc5 Termin: 3 &#8211; 6.04<br \/>\n\ud83d\udcb0 Cena: sprawd\u017a szczeg\u00f3\u0142y oferty<\/p>\n","protected":false},"author":1,"featured_media":5230,"parent":0,"menu_order":2,"comment_status":"closed","ping_status":"closed","template":"","meta":{"footnotes":""},"class_list":["post-3759","page","type-page","status-publish","has-post-thumbnail","hentry"],"yoast_head":"<!-- This site is optimized with the Yoast SEO plugin v27.0 - https:\/\/yoast.com\/product\/yoast-seo-wordpress\/ -->\n<title>WIELKANOC 2026 - Hotel i Apartameny Gorzelanny w D\u017awirzynie, gmina Ko\u0142obrzeg<\/title>\n<meta name=\"robots\" content=\"index, follow, max-snippet:-1, max-image-preview:large, max-video-preview:-1\" \/>\n<link rel=\"canonical\" href=\"https:\/\/gorzelanny.pl\/hotel-dzwirzyno\/wielkanoc-2026\/\" \/>\n<meta property=\"og:locale\" content=\"pl_PL\" \/>\n<meta property=\"og:type\" content=\"article\" \/>\n<meta property=\"og:title\" content=\"WIELKANOC 2026 - Hotel i Apartameny Gorzelanny w D\u017awirzynie, gmina Ko\u0142obrzeg\" \/>\n<meta property=\"og:description\" content=\"Sp\u0119d\u017a \u015awi\u0119ta Wielkanocne w rodzinnej atmosferze nad morzem  \ud83d\udcc5 Termin: 3 - 6.04 \ud83d\udcb0 Cena: sprawd\u017a szczeg\u00f3\u0142y oferty\" \/>\n<meta property=\"og:url\" content=\"https:\/\/gorzelanny.pl\/hotel-dzwirzyno\/wielkanoc-2026\/\" \/>\n<meta property=\"og:site_name\" content=\"Hotel i Apartameny Gorzelanny w D\u017awirzynie, gmina Ko\u0142obrzeg\" \/>\n<meta property=\"article:publisher\" content=\"https:\/\/www.facebook.com\/hotele.gorzelanny\" \/>\n<meta property=\"article:modified_time\" content=\"2026-04-09T07:17:06+00:00\" \/>\n<meta property=\"og:image\" content=\"https:\/\/gorzelanny.pl\/hotel-dzwirzyno\/wp-content\/uploads\/2026\/01\/ZajacWielkanocny.png\" \/>\n\t<meta property=\"og:image:width\" content=\"800\" \/>\n\t<meta property=\"og:image:height\" content=\"567\" \/>\n\t<meta property=\"og:image:type\" content=\"image\/png\" \/>\n<meta name=\"twitter:card\" content=\"summary_large_image\" \/>\n<meta name=\"twitter:label1\" content=\"Szacowany czas czytania\" \/>\n\t<meta name=\"twitter:data1\" content=\"7 minut\" \/>\n<script type=\"application\/ld+json\" class=\"yoast-schema-graph\">{\"@context\":\"https:\/\/schema.org\",\"@graph\":[{\"@type\":\"WebPage\",\"@id\":\"https:\/\/gorzelanny.pl\/hotel-dzwirzyno\/wielkanoc-2026\/\",\"url\":\"https:\/\/gorzelanny.pl\/hotel-dzwirzyno\/wielkanoc-2026\/\",\"name\":\"WIELKANOC 2026 - Hotel i Apartameny Gorzelanny w D\u017awirzynie, gmina Ko\u0142obrzeg\",\"isPartOf\":{\"@id\":\"https:\/\/gorzelanny.pl\/hotel-dzwirzyno\/#website\"},\"primaryImageOfPage\":{\"@id\":\"https:\/\/gorzelanny.pl\/hotel-dzwirzyno\/wielkanoc-2026\/#primaryimage\"},\"image\":{\"@id\":\"https:\/\/gorzelanny.pl\/hotel-dzwirzyno\/wielkanoc-2026\/#primaryimage\"},\"thumbnailUrl\":\"https:\/\/gorzelanny.pl\/hotel-dzwirzyno\/wp-content\/uploads\/2026\/01\/ZajacWielkanocny.png\",\"datePublished\":\"2024-12-16T11:34:25+00:00\",\"dateModified\":\"2026-04-09T07:17:06+00:00\",\"breadcrumb\":{\"@id\":\"https:\/\/gorzelanny.pl\/hotel-dzwirzyno\/wielkanoc-2026\/#breadcrumb\"},\"inLanguage\":\"pl-PL\",\"potentialAction\":[{\"@type\":\"ReadAction\",\"target\":[\"https:\/\/gorzelanny.pl\/hotel-dzwirzyno\/wielkanoc-2026\/\"]}]},{\"@type\":\"ImageObject\",\"inLanguage\":\"pl-PL\",\"@id\":\"https:\/\/gorzelanny.pl\/hotel-dzwirzyno\/wielkanoc-2026\/#primaryimage\",\"url\":\"https:\/\/gorzelanny.pl\/hotel-dzwirzyno\/wp-content\/uploads\/2026\/01\/ZajacWielkanocny.png\",\"contentUrl\":\"https:\/\/gorzelanny.pl\/hotel-dzwirzyno\/wp-content\/uploads\/2026\/01\/ZajacWielkanocny.png\",\"width\":800,\"height\":567},{\"@type\":\"BreadcrumbList\",\"@id\":\"https:\/\/gorzelanny.pl\/hotel-dzwirzyno\/wielkanoc-2026\/#breadcrumb\",\"itemListElement\":[{\"@type\":\"ListItem\",\"position\":1,\"name\":\"Home\",\"item\":\"https:\/\/gorzelanny.pl\/hotel-dzwirzyno\/\"},{\"@type\":\"ListItem\",\"position\":2,\"name\":\"WIELKANOC 2026\"}]},{\"@type\":\"WebSite\",\"@id\":\"https:\/\/gorzelanny.pl\/hotel-dzwirzyno\/#website\",\"url\":\"https:\/\/gorzelanny.pl\/hotel-dzwirzyno\/\",\"name\":\"Hotel i Apartameny Gorzelanny w D\u017awirzynie, gmina Ko\u0142obrzeg\",\"description\":\"Pobyty z wy\u017cywieniem dla rodzin z dzie\u0107mi, blisko pla\u017cy. Pokoje z klimatyzacj\u0105, basen z rynn\u0105 wodn\u0105, jacuzzi, restauracja, parking. Przyjazny zwierz\u0119tom.\",\"potentialAction\":[{\"@type\":\"SearchAction\",\"target\":{\"@type\":\"EntryPoint\",\"urlTemplate\":\"https:\/\/gorzelanny.pl\/hotel-dzwirzyno\/?s={search_term_string}\"},\"query-input\":{\"@type\":\"PropertyValueSpecification\",\"valueRequired\":true,\"valueName\":\"search_term_string\"}}],\"inLanguage\":\"pl-PL\"}]}<\/script>\n<!-- \/ Yoast SEO plugin. -->","yoast_head_json":{"title":"WIELKANOC 2026 - Hotel i Apartameny Gorzelanny w D\u017awirzynie, gmina Ko\u0142obrzeg","robots":{"index":"index","follow":"follow","max-snippet":"max-snippet:-1","max-image-preview":"max-image-preview:large","max-video-preview":"max-video-preview:-1"},"canonical":"https:\/\/gorzelanny.pl\/hotel-dzwirzyno\/wielkanoc-2026\/","og_locale":"pl_PL","og_type":"article","og_title":"WIELKANOC 2026 - Hotel i Apartameny Gorzelanny w D\u017awirzynie, gmina Ko\u0142obrzeg","og_description":"Sp\u0119d\u017a \u015awi\u0119ta Wielkanocne w rodzinnej atmosferze nad morzem  \ud83d\udcc5 Termin: 3 - 6.04 \ud83d\udcb0 Cena: sprawd\u017a szczeg\u00f3\u0142y oferty","og_url":"https:\/\/gorzelanny.pl\/hotel-dzwirzyno\/wielkanoc-2026\/","og_site_name":"Hotel i Apartameny Gorzelanny w D\u017awirzynie, gmina Ko\u0142obrzeg","article_publisher":"https:\/\/www.facebook.com\/hotele.gorzelanny","article_modified_time":"2026-04-09T07:17:06+00:00","og_image":[{"width":800,"height":567,"url":"https:\/\/gorzelanny.pl\/hotel-dzwirzyno\/wp-content\/uploads\/2026\/01\/ZajacWielkanocny.png","type":"image\/png"}],"twitter_card":"summary_large_image","twitter_misc":{"Szacowany czas czytania":"7 minut"},"schema":{"@context":"https:\/\/schema.org","@graph":[{"@type":"WebPage","@id":"https:\/\/gorzelanny.pl\/hotel-dzwirzyno\/wielkanoc-2026\/","url":"https:\/\/gorzelanny.pl\/hotel-dzwirzyno\/wielkanoc-2026\/","name":"WIELKANOC 2026 - Hotel i Apartameny Gorzelanny w D\u017awirzynie, gmina Ko\u0142obrzeg","isPartOf":{"@id":"https:\/\/gorzelanny.pl\/hotel-dzwirzyno\/#website"},"primaryImageOfPage":{"@id":"https:\/\/gorzelanny.pl\/hotel-dzwirzyno\/wielkanoc-2026\/#primaryimage"},"image":{"@id":"https:\/\/gorzelanny.pl\/hotel-dzwirzyno\/wielkanoc-2026\/#primaryimage"},"thumbnailUrl":"https:\/\/gorzelanny.pl\/hotel-dzwirzyno\/wp-content\/uploads\/2026\/01\/ZajacWielkanocny.png","datePublished":"2024-12-16T11:34:25+00:00","dateModified":"2026-04-09T07:17:06+00:00","breadcrumb":{"@id":"https:\/\/gorzelanny.pl\/hotel-dzwirzyno\/wielkanoc-2026\/#breadcrumb"},"inLanguage":"pl-PL","potentialAction":[{"@type":"ReadAction","target":["https:\/\/gorzelanny.pl\/hotel-dzwirzyno\/wielkanoc-2026\/"]}]},{"@type":"ImageObject","inLanguage":"pl-PL","@id":"https:\/\/gorzelanny.pl\/hotel-dzwirzyno\/wielkanoc-2026\/#primaryimage","url":"https:\/\/gorzelanny.pl\/hotel-dzwirzyno\/wp-content\/uploads\/2026\/01\/ZajacWielkanocny.png","contentUrl":"https:\/\/gorzelanny.pl\/hotel-dzwirzyno\/wp-content\/uploads\/2026\/01\/ZajacWielkanocny.png","width":800,"height":567},{"@type":"BreadcrumbList","@id":"https:\/\/gorzelanny.pl\/hotel-dzwirzyno\/wielkanoc-2026\/#breadcrumb","itemListElement":[{"@type":"ListItem","position":1,"name":"Home","item":"https:\/\/gorzelanny.pl\/hotel-dzwirzyno\/"},{"@type":"ListItem","position":2,"name":"WIELKANOC 2026"}]},{"@type":"WebSite","@id":"https:\/\/gorzelanny.pl\/hotel-dzwirzyno\/#website","url":"https:\/\/gorzelanny.pl\/hotel-dzwirzyno\/","name":"Hotel i Apartameny Gorzelanny w D\u017awirzynie, gmina Ko\u0142obrzeg","description":"Pobyty z wy\u017cywieniem dla rodzin z dzie\u0107mi, blisko pla\u017cy. Pokoje z klimatyzacj\u0105, basen z rynn\u0105 wodn\u0105, jacuzzi, restauracja, parking. Przyjazny zwierz\u0119tom.","potentialAction":[{"@type":"SearchAction","target":{"@type":"EntryPoint","urlTemplate":"https:\/\/gorzelanny.pl\/hotel-dzwirzyno\/?s={search_term_string}"},"query-input":{"@type":"PropertyValueSpecification","valueRequired":true,"valueName":"search_term_string"}}],"inLanguage":"pl-PL"}]}},"_links":{"self":[{"href":"https:\/\/gorzelanny.pl\/hotel-dzwirzyno\/wp-json\/wp\/v2\/pages\/3759","targetHints":{"allow":["GET"]}}],"collection":[{"href":"https:\/\/gorzelanny.pl\/hotel-dzwirzyno\/wp-json\/wp\/v2\/pages"}],"about":[{"href":"https:\/\/gorzelanny.pl\/hotel-dzwirzyno\/wp-json\/wp\/v2\/types\/page"}],"author":[{"embeddable":true,"href":"https:\/\/gorzelanny.pl\/hotel-dzwirzyno\/wp-json\/wp\/v2\/users\/1"}],"replies":[{"embeddable":true,"href":"https:\/\/gorzelanny.pl\/hotel-dzwirzyno\/wp-json\/wp\/v2\/comments?post=3759"}],"version-history":[{"count":29,"href":"https:\/\/gorzelanny.pl\/hotel-dzwirzyno\/wp-json\/wp\/v2\/pages\/3759\/revisions"}],"predecessor-version":[{"id":4739,"href":"https:\/\/gorzelanny.pl\/hotel-dzwirzyno\/wp-json\/wp\/v2\/pages\/3759\/revisions\/4739"}],"wp:featuredmedia":[{"embeddable":true,"href":"https:\/\/gorzelanny.pl\/hotel-dzwirzyno\/wp-json\/wp\/v2\/media\/5230"}],"wp:attachment":[{"href":"https:\/\/gorzelanny.pl\/hotel-dzwirzyno\/wp-json\/wp\/v2\/media?parent=3759"}],"curies":[{"name":"wp","href":"https:\/\/api.w.org\/{rel}","templated":true}]}}