{"id":4043,"date":"2025-02-11T21:47:54","date_gmt":"2025-02-11T20:47:54","guid":{"rendered":"https:\/\/gorzelanny.pl\/hotel-dzwirzyno\/?page_id=4043"},"modified":"2025-11-18T18:00:47","modified_gmt":"2025-11-18T17:00:47","slug":"wakacje-nad-morzem-2025","status":"publish","type":"page","link":"https:\/\/gorzelanny.pl\/hotel-dzwirzyno\/wakacje-nad-morzem-2025\/","title":{"rendered":"Hotel nad morzem 2025"},"content":{"rendered":"<p>[vc_row][vc_column width=&#8221;2\/3&#8243;][vc_empty_space height=&#8221;12px&#8221;][vc_custom_heading text=&#8221;Wypoczynek nad morzem i jeziorem jednocze\u015bnie? D\u017awirzyno zaprasza! Apartamenty Gorzelanny tylko 150 m od Jeziora Resko i 900 m od ba\u0142tyckiej pla\u017cy.&#8221; font_container=&#8221;tag:h3|font_size:28|text_align:center&#8221; google_fonts=&#8221;font_family:Yeseva%20One%3Aregular|font_style:400%20regular%3A400%3Anormal&#8221; css_animation=&#8221;fadeInDown&#8221;][vc_empty_space height=&#8221;12px&#8221;][vc_column_text css_animation=&#8221;fadeInDown&#8221;]<\/p>\n<p style=\"text-align: center;\">Serdecznie zapraszamy Pa\u0144stwa do skorzystania z us\u0142ug na najwy\u017cszym poziomie, kt\u00f3re z pewno\u015bci\u0105 spe\u0142ni\u0105 oczekiwania nawet najbardziej wymagaj\u0105cych Go\u015bci.<\/p>\n<p>[\/vc_column_text][vc_column_text][\/vc_column_text][vc_btn title=&#8221;ZAREZERWUJ TERAZ!&#8221; style=&#8221;gradient&#8221; gradient_color_1=&#8221;sandy-brown&#8221; gradient_color_2=&#8221;orange&#8221; shape=&#8221;square&#8221; size=&#8221;lg&#8221; align=&#8221;center&#8221; css_animation=&#8221;bounceIn&#8221; button_block=&#8221;true&#8221; link=&#8221;url:https%3A%2F%2Fgorzelanny.pl%2Fhotel-dzwirzyno%2Frezerwacja-online%2F|title:Rezerwacja&#8221;][\/vc_column][vc_column width=&#8221;1\/3&#8243;][caw_info_box heading=&#8221;&#8221; shadow=&#8221;caw_info_box_shadow1&#8243; hovershadow=&#8221;caw_info_box_hvr_shadow&#8221; link=&#8221;box&#8221; icon_type=&#8221;imageicon&#8221; attach_link=&#8221;url:https%3A%2F%2Fgorzelanny.pl%2Fhotel-dzwirzyno%2Frezerwacja-online%2F|title:REZERWUJ%20TERAZ&#8221; heading_color=&#8221;#51c2ef&#8221; cssbox=&#8221;.vc_custom_1756827961908{background-color: #ffffff !important;border-radius: 1px !important;}&#8221; icon_imageicon=&#8221;3827&#8243;]<\/p>\n<h3 align=\"left\" data-canvas-width=\"474.032\"><\/h3>\n<h3 style=\"text-align: center;\" align=\"left\" data-canvas-width=\"474.032\"><strong><span style=\"color: #000000;\">od 1.572PLN<br \/>\n<\/span><\/strong><\/h3>\n<p style=\"text-align: center;\">4 noclegi z wy\u017cywieniem za osob\u0119<\/p>\n<p style=\"text-align: center;\">(\u015bniadania i obiadokolacje w cenie)<\/p>\n<p>[\/caw_info_box][\/vc_column][\/vc_row][vc_row][vc_column shadow_x_offset=&#8221;0&#8243; shadow_y_offset=&#8221;0&#8243; shadow_blur=&#8221;0&#8243; shadow_spread=&#8221;0&#8243; shadow_color=&#8221;&#8221;][vc_message message_box_color=&#8221;orange&#8221; icon_fontawesome=&#8221;stmicon-wb_sunny&#8221;]<\/p>\n<div style=\"text-align: center;\" data-canvas-width=\"162.76799999999997\"><strong>Oferty na pobyty kr\u00f3tkie i d\u0142ugie:<\/strong><\/div>\n<div data-canvas-width=\"162.76799999999997\"><\/div>\n<div data-canvas-width=\"464.144\"><\/div>\n<div data-canvas-width=\"464.144\">\n<div style=\"text-align: center;\" data-canvas-width=\"474.032\">\n<div data-canvas-width=\"474.032\">od <strong>1 572 z\u0142\/os.\u00a0<\/strong> za 4 noclegi z wy\u017cywieniem*<\/div>\n<div data-canvas-width=\"474.032\"><\/div>\n<div data-canvas-width=\"474.032\">od <strong>2 813 z\u0142\/os.\u00a0<\/strong> za 7 nocleg\u00f3w z wy\u017cywieniem*<\/div>\n<\/div>\n<\/div>\n<div data-canvas-width=\"474.032\"><\/div>\n<div style=\"text-align: center;\" data-canvas-width=\"474.032\">&#8212;&#8212;&#8211;<\/div>\n<div style=\"text-align: center;\" data-canvas-width=\"474.032\">* \u015bniadanie i obiadokolacje<\/div>\n<p>[\/vc_message][vc_column_text][\/vc_column_text][vc_column_text]<\/p>\n<div data-canvas-width=\"234.2113333333334\">\n<div data-canvas-width=\"298.1524872019791\">\n<div data-canvas-width=\"337.61599999999993\"><strong>Co otrzymujesz w ramach tej oferty:<\/strong><\/div>\n<ul>\n<li>Noclegi w nowoczesnych i komfortowych Apartamentach 1, lub 2-pokojowych<\/li>\n<li>Wy\u017cywienie w standardzie <strong>HB<\/strong> (\u015bniadania i obiadokolacje)<\/li>\n<li>Nielimitowany dost\u0119p do <strong>strefy rekreacyjnej<\/strong> z basenem, jacuzzi oraz <strong>unikaln\u0105 w Polsce<\/strong>: zje\u017cd\u017calni\u0119 pontonow\u0105 z opcj\u0105 zje\u017cd\u017cania w okularach wirtualnych VR (po wi\u0119cej informacji <strong><a href=\"https:\/\/gorzelanny.pl\/hotel-dzwirzyno\/spa\/\">kliknij TU))!<\/a><\/strong><\/li>\n<li>Nielimitowany dost\u0119p do<strong> strefy Wellness<\/strong>: sauna sucha i parowa, grota solna, t\u0119\u017cnia solankowa<\/li>\n<li><strong>Sala rekreacyjna<\/strong> wyposa\u017cona w tenis sto\u0142owy, pi\u0142karzyki i cymbergaj<\/li>\n<li>Powitalny zestaw do parzenia <strong>kawy i herbaty<\/strong> w pokoju<\/li>\n<li>Wypo\u017cyczenie sprz\u0119tu do <strong>Nordic Walking<\/strong><\/li>\n<li>W pokojach hotelowych i apartamentach <strong>bezp\u0142atne Wi-Fi<\/strong>!<\/li>\n<\/ul>\n<div data-canvas-width=\"337.61599999999993\"><strong>Dla dzieci:<\/strong><\/div>\n<ul>\n<li>Specjalny bufet podczas posi\u0142k\u00f3w<\/li>\n<li>Bogaty <a href=\"https:\/\/gorzelanny.pl\/hotel-dzwirzyno\/wp-content\/uploads\/2025\/02\/Plan-animacji-dla-dzieci.pdf\">program animacji<\/a><\/li>\n<li><a href=\"https:\/\/gorzelanny.pl\/hotel-dzwirzyno\/dla-dzieci\/\">Sala zabaw\u00a0<\/a><\/li>\n<li>pi\u0142karzyki, cymbergaj<\/li>\n<\/ul>\n<p>&nbsp;<\/p>\n<\/div>\n<\/div>\n<p>[\/vc_column_text][\/vc_column][\/vc_row][vc_row][vc_column][vc_media_grid grid_id=&#8221;vc_gid:1763483849447-9e4de532-6145-7&#8243; include=&#8221;3980,3977,3978,3981,3979,3949&#8243;][vc_empty_space height=&#8221;60px&#8221;][\/vc_column][\/vc_row][vc_row][vc_column][vc_message message_box_color=&#8221;alert-info&#8221;]<\/p>\n<div data-canvas-width=\"604.3692000000001\">\n<div style=\"text-align: center;\" data-canvas-width=\"619.0240000000001\">\n<div data-canvas-width=\"213.42399999999998\">\n<div class=\"document-page\" data-page=\"1\">\n<div class=\"pdf-page\">\n<div class=\"text-wrapper user-select-text\">\n<div data-canvas-width=\"142.76799999999997\"><strong>Cena nie zawiera:<\/strong><\/div>\n<div data-canvas-width=\"142.76799999999997\">1) Op\u0142aty klimatycznej: 3 PLN\/noc\/os.<\/div>\n<div data-canvas-width=\"142.76799999999997\">2) Op\u0142aty za czworono\u017cnego Go\u015bcia: 70 z\u0142\/doba<\/div>\n<div data-canvas-width=\"142.76799999999997\">3)Dziecko do lat 3 bezp\u0142atnie, drugie dziecko do lat 3 p\u0142aci jak dziecko w przedziale 4-10 lat<\/div>\n<div data-canvas-width=\"142.76799999999997\">4) Wypo\u017cyczenie sprz\u0119tu do gry w bilard: 15 z\u0142\/h<\/div>\n<div data-canvas-width=\"142.76799999999997\">5) Op\u0142aty za parking:<\/div>\n<div data-canvas-width=\"142.76799999999997\">\n<ul>\n<li>30 z\u0142 za dob\u0119 \u2013 do dnia 31 maj 2026 r.<\/li>\n<li>45 z\u0142 za dob\u0119 \u2013 w terminie od 01 czerwca\u201330 wrze\u015bnia 2026 r.<\/li>\n<li>35 z\u0142 za dob\u0119 \u2013 od 1 pa\u017adziernika do 20 grudnia 2026 r.<\/li>\n<\/ul>\n<\/div>\n<\/div>\n<\/div>\n<\/div>\n<\/div>\n<\/div>\n<\/div>\n<p>[\/vc_message][vc_message message_box_color=&#8221;alert-warning&#8221; icon_fontawesome=&#8221;fas fa-comment-dots&#8221;]<\/p>\n<div style=\"text-align: center;\" data-canvas-width=\"129.296\">\n<div data-canvas-width=\"1251.7446718439699\">\n<div data-canvas-width=\"523.6959999999999\">\n<div style=\"text-align: center;\" data-canvas-width=\"129.296\">\n<div data-canvas-width=\"1251.7446718439699\">\n<div data-canvas-width=\"523.6959999999999\"><strong>Rezerwacja mo\u017cliwa za po\u015brednictwem naszej strony lub<\/strong><\/div>\n<div data-canvas-width=\"542.496\"><strong>telefonicznie. <\/strong><\/div>\n<\/div>\n<\/div>\n<div style=\"text-align: center;\" data-canvas-width=\"534.3040000000001\"><\/div>\n<div data-canvas-width=\"534.3040000000001\"><\/div>\n<div style=\"text-align: center;\" data-canvas-width=\"534.3040000000001\">tel. 661-404-873<\/div>\n<div style=\"text-align: center;\" data-canvas-width=\"534.3040000000001\">e-mail: <a href=\"mailto:rezerwacja.apartamenty@gorzelanny.pl\">rezerwacja.apartamenty@gorzelanny.pl<\/a><\/div>\n<\/div>\n<\/div>\n<\/div>\n<p>[\/vc_message][vc_message message_box_color=&#8221;blue&#8221; icon_fontawesome=&#8221;fab fa-facebook-square&#8221;]<\/p>\n<p style=\"text-align: center;\">Zapraszamy na naszego <a href=\"https:\/\/www.facebook.com\/apartamentygorzelanny\/\">Facebooka<\/a>, na kt\u00f3rym znajdziesz najnowsze informacje o promocjach, zmianach oraz nowinkach z Hotelu i Apartament\u00f3w Gorzelanny!<\/p>\n<p>[\/vc_message][vc_empty_space height=&#8221;60px&#8221;][\/vc_column][\/vc_row][vc_row][vc_column][vc_gmaps link=&#8221;#E-8_JTNDaWZyYW1lJTIwc3JjJTNEJTIyaHR0cHMlM0ElMkYlMkZ3d3cuZ29vZ2xlLmNvbSUyRm1hcHMlMkZlbWJlZCUzRnBiJTNEJTIxMW0xOCUyMTFtMTIlMjExbTMlMjExZDIzMzYuNjEwMjEzMzg2NTMxJTIxMmQxNS4zOTgwMzc4NzU3NzQwNiUyMTNkNTQuMTUxNTUzNTE0MTczNDUlMjEybTMlMjExZjAlMjEyZjAlMjEzZjAlMjEzbTIlMjExaTEwMjQlMjEyaTc2OCUyMTRmMTMuMSUyMTNtMyUyMTFtMiUyMTFzMHg0NzAwMTM2YmU0YTFhZWY1JTI1M0EweGIyN2YzZTY0ZDJhNmU4NjQlMjEyc0hvdGVsJTI1MjBpJTI1MjBBcGFydGFtZW50eSUyNTIwR29yemVsYW5ueSUyNTIwdyUyNTIwRCUyNUM1JTI1QkF3aXJ6eW5pZSUyMTVlMCUyMTNtMiUyMTFzcGwlMjEyc3BsJTIxNHYxNzM0Nzc1NjM0MDIwJTIxNW0yJTIxMXNwbCUyMTJzcGwlMjIlMjB3aWR0aCUzRCUyMjYwMCUyMiUyMGhlaWdodCUzRCUyMjQ1MCUyMiUyMHN0eWxlJTNEJTIyYm9yZGVyJTNBMCUzQiUyMiUyMGFsbG93ZnVsbHNjcmVlbiUzRCUyMiUyMiUyMGxvYWRpbmclM0QlMjJsYXp5JTIyJTIwcmVmZXJyZXJwb2xpY3klM0QlMjJuby1yZWZlcnJlci13aGVuLWRvd25ncmFkZSUyMiUzRSUzQyUyRmlmcmFtZSUzRQ==&#8221; title=&#8221;Hotel i Apartamenty Gorzelanny&#8221;][\/vc_column][\/vc_row]<\/p>\n","protected":false},"excerpt":{"rendered":"<p>[vc_row][vc_column width=&#8221;2\/3&#8243;][vc_empty_space height=&#8221;12px&#8221;][vc_custom_heading text=&#8221;Wypoczynek nad morzem i jeziorem jednocze\u015bnie? D\u017awirzyno zaprasza! Apartamenty Gorzelanny tylko 150 m od Jeziora Resko i 900 m od ba\u0142tyckiej pla\u017cy.&#8221; font_container=&#8221;tag:h3|font_size:28|text_align:center&#8221; google_fonts=&#8221;font_family:Yeseva%20One%3Aregular|font_style:400%20regular%3A400%3Anormal&#8221; css_animation=&#8221;fadeInDown&#8221;][vc_empty_space height=&#8221;12px&#8221;][vc_column_text css_animation=&#8221;fadeInDown&#8221;] Serdecznie zapraszamy Pa\u0144stwa do skorzystania z us\u0142ug na najwy\u017cszym poziomie, kt\u00f3re z pewno\u015bci\u0105 spe\u0142ni\u0105 oczekiwania nawet najbardziej wymagaj\u0105cych Go\u015bci. [\/vc_column_text][vc_column_text][\/vc_column_text][vc_btn title=&#8221;ZAREZERWUJ TERAZ!&#8221; style=&#8221;gradient&#8221; gradient_color_1=&#8221;sandy-brown&#8221; gradient_color_2=&#8221;orange&#8221; [&hellip;]<\/p>\n","protected":false},"author":5,"featured_media":0,"parent":0,"menu_order":0,"comment_status":"closed","ping_status":"closed","template":"","meta":{"footnotes":""},"class_list":["post-4043","page","type-page","status-publish","hentry"],"yoast_head":"<!-- This site is optimized with the Yoast SEO plugin v27.0 - https:\/\/yoast.com\/product\/yoast-seo-wordpress\/ -->\n<title>Hotel nad morzem 2025 - Hotel i Apartameny Gorzelanny w D\u017awirzynie, gmina Ko\u0142obrzeg<\/title>\n<meta name=\"description\" content=\"Wakacje w apartamentach nad morzem dla rodzin z dzie\u0107mi. Od 3052 z\u0142 za osob\u0119, 7 nocleg\u00f3w z wy\u017cywieniem, w cenie basen, jacuzzi, sauna.\" \/>\n<meta name=\"robots\" content=\"index, follow, max-snippet:-1, max-image-preview:large, max-video-preview:-1\" \/>\n<link rel=\"canonical\" href=\"https:\/\/gorzelanny.pl\/hotel-dzwirzyno\/wakacje-nad-morzem-2025\/\" \/>\n<meta property=\"og:locale\" content=\"pl_PL\" \/>\n<meta property=\"og:type\" content=\"article\" \/>\n<meta property=\"og:title\" content=\"Hotel nad morzem 2025 - Hotel i Apartameny Gorzelanny w D\u017awirzynie, gmina Ko\u0142obrzeg\" \/>\n<meta property=\"og:description\" content=\"Wakacje w apartamentach nad morzem dla rodzin z dzie\u0107mi. Od 3052 z\u0142 za osob\u0119, 7 nocleg\u00f3w z wy\u017cywieniem, w cenie basen, jacuzzi, sauna.\" \/>\n<meta property=\"og:url\" content=\"https:\/\/gorzelanny.pl\/hotel-dzwirzyno\/wakacje-nad-morzem-2025\/\" \/>\n<meta property=\"og:site_name\" content=\"Hotel i Apartameny Gorzelanny w D\u017awirzynie, gmina Ko\u0142obrzeg\" \/>\n<meta property=\"article:publisher\" content=\"https:\/\/www.facebook.com\/hotele.gorzelanny\" \/>\n<meta property=\"article:modified_time\" content=\"2025-11-18T17:00:47+00:00\" \/>\n<meta name=\"twitter:card\" content=\"summary_large_image\" \/>\n<meta name=\"twitter:label1\" content=\"Szacowany czas czytania\" \/>\n\t<meta name=\"twitter:data1\" content=\"4 minuty\" \/>\n<script type=\"application\/ld+json\" class=\"yoast-schema-graph\">{\"@context\":\"https:\/\/schema.org\",\"@graph\":[{\"@type\":\"WebPage\",\"@id\":\"https:\/\/gorzelanny.pl\/hotel-dzwirzyno\/wakacje-nad-morzem-2025\/\",\"url\":\"https:\/\/gorzelanny.pl\/hotel-dzwirzyno\/wakacje-nad-morzem-2025\/\",\"name\":\"Hotel nad morzem 2025 - Hotel i Apartameny Gorzelanny w D\u017awirzynie, gmina Ko\u0142obrzeg\",\"isPartOf\":{\"@id\":\"https:\/\/gorzelanny.pl\/hotel-dzwirzyno\/#website\"},\"datePublished\":\"2025-02-11T20:47:54+00:00\",\"dateModified\":\"2025-11-18T17:00:47+00:00\",\"description\":\"Wakacje w apartamentach nad morzem dla rodzin z dzie\u0107mi. Od 3052 z\u0142 za osob\u0119, 7 nocleg\u00f3w z wy\u017cywieniem, w cenie basen, jacuzzi, sauna.\",\"breadcrumb\":{\"@id\":\"https:\/\/gorzelanny.pl\/hotel-dzwirzyno\/wakacje-nad-morzem-2025\/#breadcrumb\"},\"inLanguage\":\"pl-PL\",\"potentialAction\":[{\"@type\":\"ReadAction\",\"target\":[\"https:\/\/gorzelanny.pl\/hotel-dzwirzyno\/wakacje-nad-morzem-2025\/\"]}]},{\"@type\":\"BreadcrumbList\",\"@id\":\"https:\/\/gorzelanny.pl\/hotel-dzwirzyno\/wakacje-nad-morzem-2025\/#breadcrumb\",\"itemListElement\":[{\"@type\":\"ListItem\",\"position\":1,\"name\":\"Home\",\"item\":\"https:\/\/gorzelanny.pl\/hotel-dzwirzyno\/\"},{\"@type\":\"ListItem\",\"position\":2,\"name\":\"Hotel nad morzem 2025\"}]},{\"@type\":\"WebSite\",\"@id\":\"https:\/\/gorzelanny.pl\/hotel-dzwirzyno\/#website\",\"url\":\"https:\/\/gorzelanny.pl\/hotel-dzwirzyno\/\",\"name\":\"Hotel i Apartameny Gorzelanny w D\u017awirzynie, gmina Ko\u0142obrzeg\",\"description\":\"Pobyty z wy\u017cywieniem dla rodzin z dzie\u0107mi, blisko pla\u017cy. Pokoje z klimatyzacj\u0105, basen z rynn\u0105 wodn\u0105, jacuzzi, restauracja, parking. Przyjazny zwierz\u0119tom.\",\"potentialAction\":[{\"@type\":\"SearchAction\",\"target\":{\"@type\":\"EntryPoint\",\"urlTemplate\":\"https:\/\/gorzelanny.pl\/hotel-dzwirzyno\/?s={search_term_string}\"},\"query-input\":{\"@type\":\"PropertyValueSpecification\",\"valueRequired\":true,\"valueName\":\"search_term_string\"}}],\"inLanguage\":\"pl-PL\"}]}<\/script>\n<!-- \/ Yoast SEO plugin. -->","yoast_head_json":{"title":"Hotel nad morzem 2025 - Hotel i Apartameny Gorzelanny w D\u017awirzynie, gmina Ko\u0142obrzeg","description":"Wakacje w apartamentach nad morzem dla rodzin z dzie\u0107mi. Od 3052 z\u0142 za osob\u0119, 7 nocleg\u00f3w z wy\u017cywieniem, w cenie basen, jacuzzi, sauna.","robots":{"index":"index","follow":"follow","max-snippet":"max-snippet:-1","max-image-preview":"max-image-preview:large","max-video-preview":"max-video-preview:-1"},"canonical":"https:\/\/gorzelanny.pl\/hotel-dzwirzyno\/wakacje-nad-morzem-2025\/","og_locale":"pl_PL","og_type":"article","og_title":"Hotel nad morzem 2025 - Hotel i Apartameny Gorzelanny w D\u017awirzynie, gmina Ko\u0142obrzeg","og_description":"Wakacje w apartamentach nad morzem dla rodzin z dzie\u0107mi. Od 3052 z\u0142 za osob\u0119, 7 nocleg\u00f3w z wy\u017cywieniem, w cenie basen, jacuzzi, sauna.","og_url":"https:\/\/gorzelanny.pl\/hotel-dzwirzyno\/wakacje-nad-morzem-2025\/","og_site_name":"Hotel i Apartameny Gorzelanny w D\u017awirzynie, gmina Ko\u0142obrzeg","article_publisher":"https:\/\/www.facebook.com\/hotele.gorzelanny","article_modified_time":"2025-11-18T17:00:47+00:00","twitter_card":"summary_large_image","twitter_misc":{"Szacowany czas czytania":"4 minuty"},"schema":{"@context":"https:\/\/schema.org","@graph":[{"@type":"WebPage","@id":"https:\/\/gorzelanny.pl\/hotel-dzwirzyno\/wakacje-nad-morzem-2025\/","url":"https:\/\/gorzelanny.pl\/hotel-dzwirzyno\/wakacje-nad-morzem-2025\/","name":"Hotel nad morzem 2025 - Hotel i Apartameny Gorzelanny w D\u017awirzynie, gmina Ko\u0142obrzeg","isPartOf":{"@id":"https:\/\/gorzelanny.pl\/hotel-dzwirzyno\/#website"},"datePublished":"2025-02-11T20:47:54+00:00","dateModified":"2025-11-18T17:00:47+00:00","description":"Wakacje w apartamentach nad morzem dla rodzin z dzie\u0107mi. Od 3052 z\u0142 za osob\u0119, 7 nocleg\u00f3w z wy\u017cywieniem, w cenie basen, jacuzzi, sauna.","breadcrumb":{"@id":"https:\/\/gorzelanny.pl\/hotel-dzwirzyno\/wakacje-nad-morzem-2025\/#breadcrumb"},"inLanguage":"pl-PL","potentialAction":[{"@type":"ReadAction","target":["https:\/\/gorzelanny.pl\/hotel-dzwirzyno\/wakacje-nad-morzem-2025\/"]}]},{"@type":"BreadcrumbList","@id":"https:\/\/gorzelanny.pl\/hotel-dzwirzyno\/wakacje-nad-morzem-2025\/#breadcrumb","itemListElement":[{"@type":"ListItem","position":1,"name":"Home","item":"https:\/\/gorzelanny.pl\/hotel-dzwirzyno\/"},{"@type":"ListItem","position":2,"name":"Hotel nad morzem 2025"}]},{"@type":"WebSite","@id":"https:\/\/gorzelanny.pl\/hotel-dzwirzyno\/#website","url":"https:\/\/gorzelanny.pl\/hotel-dzwirzyno\/","name":"Hotel i Apartameny Gorzelanny w D\u017awirzynie, gmina Ko\u0142obrzeg","description":"Pobyty z wy\u017cywieniem dla rodzin z dzie\u0107mi, blisko pla\u017cy. Pokoje z klimatyzacj\u0105, basen z rynn\u0105 wodn\u0105, jacuzzi, restauracja, parking. Przyjazny zwierz\u0119tom.","potentialAction":[{"@type":"SearchAction","target":{"@type":"EntryPoint","urlTemplate":"https:\/\/gorzelanny.pl\/hotel-dzwirzyno\/?s={search_term_string}"},"query-input":{"@type":"PropertyValueSpecification","valueRequired":true,"valueName":"search_term_string"}}],"inLanguage":"pl-PL"}]}},"_links":{"self":[{"href":"https:\/\/gorzelanny.pl\/hotel-dzwirzyno\/wp-json\/wp\/v2\/pages\/4043","targetHints":{"allow":["GET"]}}],"collection":[{"href":"https:\/\/gorzelanny.pl\/hotel-dzwirzyno\/wp-json\/wp\/v2\/pages"}],"about":[{"href":"https:\/\/gorzelanny.pl\/hotel-dzwirzyno\/wp-json\/wp\/v2\/types\/page"}],"author":[{"embeddable":true,"href":"https:\/\/gorzelanny.pl\/hotel-dzwirzyno\/wp-json\/wp\/v2\/users\/5"}],"replies":[{"embeddable":true,"href":"https:\/\/gorzelanny.pl\/hotel-dzwirzyno\/wp-json\/wp\/v2\/comments?post=4043"}],"version-history":[{"count":16,"href":"https:\/\/gorzelanny.pl\/hotel-dzwirzyno\/wp-json\/wp\/v2\/pages\/4043\/revisions"}],"predecessor-version":[{"id":5101,"href":"https:\/\/gorzelanny.pl\/hotel-dzwirzyno\/wp-json\/wp\/v2\/pages\/4043\/revisions\/5101"}],"wp:attachment":[{"href":"https:\/\/gorzelanny.pl\/hotel-dzwirzyno\/wp-json\/wp\/v2\/media?parent=4043"}],"curies":[{"name":"wp","href":"https:\/\/api.w.org\/{rel}","templated":true}]}}