{"id":5118,"date":"2025-12-04T12:56:11","date_gmt":"2025-12-04T11:56:11","guid":{"rendered":"https:\/\/gorzelanny.pl\/hotel-dzwirzyno\/?page_id=5118"},"modified":"2026-03-06T09:54:47","modified_gmt":"2026-03-06T08:54:47","slug":"ferie-zimowe-2026","status":"publish","type":"page","link":"https:\/\/gorzelanny.pl\/hotel-dzwirzyno\/ferie-zimowe-2026\/","title":{"rendered":"FERIE ZIMOWE 2026"},"content":{"rendered":"<p>[vc_row][vc_column width=&#8221;2\/3&#8243;][vc_column_text]<\/p>\n<h3 data-canvas-width=\"206.24\"><span style=\"color: #ff6600;\"><strong>OFERTA WA\u017bNA W TERMINIE 16.01 &#8211; 28.02.2026 <\/strong><\/span><\/h3>\n<h4 data-canvas-width=\"206.24\"><span style=\"color: #ff6600;\">przy min. 3 noclegach<\/span><\/h4>\n<p>[\/vc_column_text][vc_column_text]<\/p>\n<div data-canvas-width=\"641.212\">\n<h4><\/h4>\n<h4>\u2744\ufe0f Ferie zimowe w Hotelach i Apartamentach Gorzelanny w D\u017awirzynie nad morzem \ud83c\udf0a to idealne po\u0142\u0105czenie relaksu i aktywnego wypoczynku. Go\u015bcie mog\u0105 korzysta\u0107 z krytego basenu i zje\u017cd\u017calni pontonowej, odpr\u0119\u017cy\u0107 si\u0119 w saunach, t\u0119\u017cni solankowej czy sali fitness. Najm\u0142odsi znajd\u0105 rado\u015b\u0107 w bawialni przygotowanej specjalnie dla dzieci \ud83e\uddf8.<\/h4>\n<h4>Codziennie serwowane s\u0105 bogate bufety, a dodatkowo mo\u017cna zam\u00f3wi\u0107 wyj\u0105tkowe dania w restauracji, lub skorzysta\u0107 z zabieg\u00f3w (masa\u017ce klasyczne i relaksacyjne). Spacery nad morzem dope\u0142ni\u0105 relaksu.<\/h4>\n<h4><\/h4>\n<\/div>\n<p>[\/vc_column_text][\/vc_column][vc_column width=&#8221;1\/3&#8243;][vc_single_image image=&#8221;5120&#8243; img_size=&#8221;full&#8221; alignment=&#8221;center&#8221; style=&#8221;vc_box_outline_circle&#8221;][\/vc_column][\/vc_row][vc_row][vc_column][vc_empty_space][vc_media_grid element_width=&#8221;3&#8243; grid_id=&#8221;vc_gid:1771491725127-653efe20-ffd2-7&#8243; include=&#8221;4921,4947,4942,4939&#8243;][vc_empty_space][vc_column_text]<\/p>\n<div data-canvas-width=\"116.08666666666664\"><strong>OFERTA OBEJMUJE:<\/strong><\/div>\n<ul>\n<li data-canvas-width=\"433.83600000000007\">nocleg w komfortowych apartamentach i pokojach hotelowych<\/li>\n<li data-canvas-width=\"232.856\">bogate \u015bniadania w formie bufetu (obiadokolacje mo\u017cna dokupi\u0107 na miejscu)<\/li>\n<li data-canvas-width=\"170.716\">parking wliczony w cen\u0119<\/li>\n<li data-canvas-width=\"640.5439999999999\">Strefa basenowa: basen, jacuzzi, sauna sucha, \u0142a\u017ania parowa, t\u0119\u017cnia solankowa, zje\u017cd\u017calnia pontonowa<\/li>\n<li data-canvas-width=\"452.224\">Strefa basenowa w godzi. 21:00 do 23:00 jest otwarta tylko dla os\u00f3b doros\u0142ych<\/li>\n<li data-canvas-width=\"189.904\">Szybki Internet WLAN w ca\u0142ym obiekcie<\/li>\n<li data-canvas-width=\"416.944\">Na powitanie zestaw do parzenia kawy i herbaty w apartamencie<\/li>\n<li data-canvas-width=\"416.944\">codzienne animacje dla dzieci<\/li>\n<li data-canvas-width=\"416.944\">Festiwal Pizzy w wybrane dni<\/li>\n<li data-canvas-width=\"416.944\">Rabat 15% na wszystkie zabiegi SPA<\/li>\n<li data-canvas-width=\"416.944\">1x w tygodniu ognisko z kie\u0142bask\u0105*<\/li>\n<li data-canvas-width=\"373.136\">Korzystanie z atrakcji: pi\u0142karzyki,, ping-pong, cymbergaj (bilard tylko odp\u0142atnie 15 z\u0142\/1h)<\/li>\n<li data-canvas-width=\"639.8879999999999\">Na powitanie gor\u0105ca czekolada dla najm\u0142odszych, rozgrzewaj\u0105ca zimowa herbata dla doros\u0142ych lub grzane wino<\/li>\n<\/ul>\n<p>[\/vc_column_text][vc_empty_space][\/vc_column][\/vc_row][vc_row][vc_column][vc_column_text]<\/p>\n<h3>\ud83c\udf89 Animacje i atrakcje podczas ferii zimowych<\/h3>\n<p>\u2744\ufe0f Na go\u015bci czekaj\u0105: <strong>zaj\u0119cia ruchowe<\/strong>, <strong>kino familijne z popcornem<\/strong>, <strong>wieczorne gry rodzinne<\/strong>, wsp\u00f3lna zabawa z nagrodami Ko\u0142o Fortuny, a tak\u017ce wyj\u0105tkowa <strong>akademia kulinarna z naszymi kucharzami<\/strong>, kreatywne zabawy i warsztaty dla dzieci oraz doros\u0142ych.<\/p>\n<p>W ka\u017cdy poniedzia\u0142ek, \u015brod\u0119 i pi\u0105tek w godz. 13:00 &#8211; 15:00 zapraszamy na\u00a0 <strong>Festiwal pizzy<\/strong> wszystkie pizze z rabatem <strong>-50%\u00a0<\/strong><\/p>\n<p>\ud83d\udcc5 <strong>Plan tygodniowy animacji:<\/strong><\/p>\n<ul>\n<li><strong>Poniedzia\u0142ki<\/strong> \u2013 aqua aerobik dla doros\u0142ych \ud83c\udfca\u200d\u2640\ufe0f<\/li>\n<li><strong>Wtorki<\/strong> \u2013 warsztaty kulinarne dla najm\u0142odszych \ud83d\udc69\u200d\ud83c\udf73<\/li>\n<li><strong>\u015arody<\/strong> \u2013 ognisko z pieczeniem kie\u0142basek \ud83d\udd25\ud83c\udf2d<\/li>\n<li><strong>Czwartki<\/strong> \u2013 mini disco dla najm\u0142odszych \ud83d\udc83\ud83d\udd7a<\/li>\n<li><strong>Pi\u0105tki<\/strong> \u2013 dyskoteka dla ca\u0142ej rodziny \ud83c\udfb6\u2728<\/li>\n<\/ul>\n<p>\ud83c\udf0a Dodatkowe atrakcje dla ch\u0119tnych:<\/p>\n<ul>\n<li><strong>Morsowanie w spienionych falach Ba\u0142tyku<\/strong> \u2744\ufe0f (minimalna liczba os\u00f3b 10, zapisy w recepcji)<\/li>\n<\/ul>\n<p>\ud83d\udece\ufe0f Udogodnienia:<\/p>\n<ul>\n<li>Mo\u017cliwo\u015b\u0107 wypo\u017cyczenia <strong>kijk\u00f3w do nordic walking<\/strong> \ud83d\udeb6\u200d\u2642\ufe0f<\/li>\n<li>Mo\u017cliwo\u015b\u0107 wypo\u017cyczenia <strong>gier planszowych<\/strong> \ud83c\udfb2<\/li>\n<li>Mo\u017cliwo\u015b\u0107 wypo\u017cyczenia <strong>szlafrok\u00f3w<\/strong> w cenie 30 z\u0142\/pobyt \ud83d\udec1<\/li>\n<li>Mo\u017cliwo\u015b\u0107 przyjazdu z pupilem \ud83d\udc3e \u2013 op\u0142ata za czworono\u017cnego Go\u015bcia wynosi 70 z\u0142\/doba. Ka\u017cdy piesek otrzymuje smaczek na powitanie, legowisko oraz misk\u0119.<\/li>\n<\/ul>\n<p>\u2139\ufe0f Program animacji mo\u017ce ulec zmianie, aby jeszcze lepiej dopasowa\u0107 si\u0119 do potrzeb i oczekiwa\u0144 naszych go\u015bci.[\/vc_column_text][vc_column_text]<strong>Warunki przedp\u0142aty dla pakiet\u00f3w na terminy specjalne:<\/strong><\/p>\n<ol>\n<li>Rezerwacja pakietu na termin specjalny wymaga wp\u0142aty zadatku w wysoko\u015bci 50% warto\u015bci rezerwacji, w terminie 7 dni od dnia jej potwierdzenia przez Hotel.<\/li>\n<li>Pozosta\u0142a cz\u0119\u015b\u0107 nale\u017cno\u015bci za pobyt powinna zosta\u0107 uregulowana najp\u00f3\u017aniej na 14 dni przed planowanym terminem przyjazdu.<\/li>\n<li>W przypadku braku wp\u0142aty zadatku lub pozosta\u0142ej nale\u017cno\u015bci w wyznaczonych terminach, Hotel zastrzega sobie prawo do anulowania rezerwacji.<\/li>\n<\/ol>\n<p><strong>Warunki anulacji dla pakiet\u00f3w na terminy specjalne<\/strong><\/p>\n<ol>\n<li>Go\u015b\u0107 ma prawo do bezp\u0142atnej anulacji rezerwacji w terminie do 7 dni od dnia jej potwierdzenia przez Hotel.<\/li>\n<li>W przypadku anulacji rezerwacji po up\u0142ywie 7 dni od jej potwierdzenia, lecz nie p\u00f3\u017aniej ni\u017c 14 dni przed planowanym terminem przyjazdu, Hotel zatrzymuje wp\u0142acony zadatek.<\/li>\n<li>W przypadku anulacji rezerwacji dokonanej na mniej ni\u017c 14 dni przed planowanym terminem przyjazdu lub niepojawienia si\u0119 Go\u015bcia w dniu przyjazdu, Hotel ma prawo obci\u0105\u017cy\u0107 Go\u015bcia pe\u0142n\u0105 warto\u015bci\u0105 rezerwacji.<\/li>\n<\/ol>\n<p>[\/vc_column_text][\/vc_column][\/vc_row][vc_row][vc_column width=&#8221;1\/3&#8243;][vc_single_image image=&#8221;5121&#8243; img_size=&#8221;full&#8221; alignment=&#8221;center&#8221; style=&#8221;vc_box_circle&#8221;][\/vc_column][vc_column width=&#8221;2\/3&#8243;][vc_separator color=&#8221;peacoc&#8221; border_width=&#8221;3&#8243;][vc_column_text]<\/p>\n<h3><strong>NOWOCZESNA SI\u0141OWNIA<\/strong><\/h3>\n<p>[\/vc_column_text][vc_column_text]<\/p>\n<div data-canvas-width=\"116.08666666666664\">\n<ul>\n<li>\ud83c\udfc3\u200d\u2642\ufe0f <strong>Bie\u017cnia elektryczna<\/strong> \u2013 na rozgrzewk\u0119 i trening wytrzyma\u0142o\u015bciowy<\/li>\n<li>\ud83d\udeb4\u200d\u2642\ufe0f <strong>Air Bike (rower treningowy)<\/strong> \u2013 intensywny trening cardio anga\u017cuj\u0105cy ca\u0142e cia\u0142o<\/li>\n<li>\ud83d\udd04 <strong>Orbitrek<\/strong> \u2013 poczuj wolno\u015b\u0107, jak\u0105 daje idealna symetria ruchu<\/li>\n<li>\ud83c\udfcb\ufe0f\u200d\u2640\ufe0f <strong>Zestaw hantli w r\u00f3\u017cnych wagach<\/strong> \u2013 idealny do trening\u00f3w si\u0142owych i funkcjonalnych<\/li>\n<li>\ud83e\uddd8\u200d\u2640\ufe0f <strong>Maty \u0107wiczeniowe oraz pi\u0142ki gimnastyczne<\/strong> \u2013 dla komfortu i bezpiecze\u0144stwa podczas rozci\u0105gania i \u0107wicze\u0144 core<\/li>\n<\/ul>\n<\/div>\n<p>[\/vc_column_text][\/vc_column][\/vc_row][vc_row][vc_column width=&#8221;2\/3&#8243;][vc_separator color=&#8221;peacoc&#8221; border_width=&#8221;3&#8243;][vc_column_text]<\/p>\n<h3 data-canvas-width=\"206.24\"><span style=\"color: #ff6600;\"><strong>&#8211; 15% na wszystkie zabiegi SPA<\/strong><\/span><\/h3>\n<p>[\/vc_column_text][vc_column_text]\ud83d\udc86\u200d\u2640\ufe0f Go\u015bcie <strong>Hoteli i Apartament\u00f3w Gorzelanny w D\u017awirzynie<\/strong> maj\u0105 mo\u017cliwo\u015b\u0107 skorzystania z oferty zabieg\u00f3w, kt\u00f3re pozwalaj\u0105 na regeneracj\u0119 i odpr\u0119\u017cenie. W\u015br\u00f3d dost\u0119pnych us\u0142ug znajduj\u0105 si\u0119 <span tabindex=\"0\" role=\"button\" data-url=\"https:\/\/m.in\" aria-label=\"m.in, spowoduje to przej\u015bcie do domeny m.in\">m.in. <\/span>. <strong>ok\u0142ady borowinowe<\/strong>, <strong>masa\u017c plec\u00f3w<\/strong>, <strong>masa\u017c kr\u0119gos\u0142upa<\/strong>, <strong>masa\u017c ca\u0142ego cia\u0142a<\/strong> oraz r\u00f3\u017cnorodne <strong>masa\u017ce relaksacyjne<\/strong>, idealne po dniu pe\u0142nym atrakcji czy spacerze po pla\u017cy \ud83c\udf0a.<\/p>\n<p>\u2728 Dodatkowo, dla wszystkich go\u015bci obowi\u0105zuje <strong>specjalna zni\u017cka -15% na wszystkie zabiegi<\/strong>, dzi\u0119ki czemu relaks w hotelowym spa staje si\u0119 jeszcze bardziej dost\u0119pny i przyjemny. To doskona\u0142a okazja, aby po\u0142\u0105czy\u0107 wypoczynek nad morzem z profesjonaln\u0105 piel\u0119gnacj\u0105 cia\u0142a i chwil\u0105 tylko dla siebie.[\/vc_column_text][\/vc_column][vc_column width=&#8221;1\/3&#8243;][vc_single_image image=&#8221;4916&#8243; img_size=&#8221;full&#8221; alignment=&#8221;center&#8221; style=&#8221;vc_box_circle_2&#8243;][\/vc_column][\/vc_row][vc_row][vc_column][vc_media_grid element_width=&#8221;3&#8243; grid_id=&#8221;vc_gid:1771491725149-71e4988a-a801-4&#8243; include=&#8221;4917,4918,4921,4920&#8243;][vc_empty_space height=&#8221;72px&#8221;][vc_separator color=&#8221;peacoc&#8221; border_width=&#8221;3&#8243;][vc_column_text]<\/p>\n<h4 style=\"text-align: center;\">\ud83c\udf79 Go\u015bcie <strong>Hoteli i Apartament\u00f3w Gorzelanny w D\u017awirzynie<\/strong> mog\u0105 skorzysta\u0107 z wyj\u0105tkowej propozycji \u2013 <strong>Drinks All Inclusive<\/strong> w cenie 100 z\u0142. Oferta obejmuje wybrane alkohole serwowane w okre\u015blonych godzinach, dzi\u0119ki czemu ka\u017cdy wiecz\u00f3r mo\u017ce sta\u0107 si\u0119 okazj\u0105 do relaksu i wsp\u00f3lnej zabawy w hotelowym barze.<\/h4>\n<p>[\/vc_column_text][vc_separator color=&#8221;peacoc&#8221; border_width=&#8221;3&#8243;][\/vc_column][\/vc_row][vc_row][vc_column][vc_empty_space height=&#8221;72px&#8221;][vc_column_text css=&#8221;.vc_custom_1764851436606{padding-top: 30px !important;padding-right: 30px !important;padding-bottom: 30px !important;padding-left: 30px !important;background-color: #acc0e5 !important;border-radius: 10px !important;}&#8221;]<\/p>\n<h5 style=\"text-align: center;\">\u2744\ufe0f <strong>Nie przegap okazji!<\/strong> Zarezerwuj wyj\u0105tkowe <strong>ferie zimowe nad morzem<\/strong> w Hotelach i Apartamentach Gorzelanny w D\u017awirzynie ju\u017c dzi\u015b \ud83c\udf0a\u2728. Czeka na Ciebie relaks w strefie wellness, rodzinne animacje, bogata oferta kulinarna oraz niezapomniane chwile nad zimowym Ba\u0142tykiem.<\/h5>\n<h5 style=\"text-align: center;\">\ud83d\udcde <strong>Telefon kontaktowy:<\/strong>\u00a0<a href=\"tel:0048661404873\">661-404-873<\/a><\/h5>\n<h5 style=\"text-align: center;\">\ud83d\udce7 <strong>Adres e-mail:<\/strong> \u00a0<a href=\"mailto:rezerwacja.apartamenty@gorzelanny.pl\">rezerwacja.apartamenty@gorzelanny.pl<\/a><\/h5>\n<h5 style=\"text-align: center;\">Zaplanuj sw\u00f3j zimowy wypoczynek i podaruj sobie oraz bliskim niezapomniane wspomnienia. \ud83c\udf05\ud83d\udc86\u200d\u2640\ufe0f\ud83c\udf89<\/h5>\n<p>[\/vc_column_text][\/vc_column][\/vc_row][vc_row][vc_column][vc_empty_space][vc_separator][vc_column_text]<\/p>\n<h3 style=\"text-align: center;\"><strong>SPRAWD\u0179 POZOSTA\u0141E OFERTY<\/strong><\/h3>\n<p>[\/vc_column_text][vc_separator][vc_basic_grid post_type=&#8221;page&#8221; max_items=&#8221;100&#8243; style=&#8221;pagination&#8221; items_per_page=&#8221;3&#8243; orderby=&#8221;menu_order&#8221; order=&#8221;ASC&#8221; loop=&#8221;yes&#8221; autoplay=&#8221;4&#8243; grid_id=&#8221;vc_gid:1771493094902-b35fbb92-1bb2-9&#8243; taxonomies=&#8221;63&#8243;][\/vc_column][\/vc_row]<\/p>\n","protected":false},"excerpt":{"rendered":"<p>Zimowy wypoczynek przy szumie fal i \u015bwie\u017cym, morskim powietrzu!<\/p>\n<p>\ud83d\udcc5 Termin: 16.01 &#8211; 28.02<br \/>\n\ud83d\udcb0 Cena: sprawd\u017a szczeg\u00f3\u0142y oferty<\/p>\n","protected":false},"author":1,"featured_media":3636,"parent":0,"menu_order":1,"comment_status":"closed","ping_status":"closed","template":"","meta":{"footnotes":""},"class_list":["post-5118","page","type-page","status-publish","has-post-thumbnail","hentry"],"yoast_head":"<!-- This site is optimized with the Yoast SEO plugin v27.0 - https:\/\/yoast.com\/product\/yoast-seo-wordpress\/ -->\n<title>FERIE ZIMOWE 2026 - Hotel i Apartameny Gorzelanny w D\u017awirzynie, gmina Ko\u0142obrzeg<\/title>\n<meta name=\"robots\" content=\"index, follow, max-snippet:-1, max-image-preview:large, max-video-preview:-1\" \/>\n<link rel=\"canonical\" href=\"https:\/\/gorzelanny.pl\/hotel-dzwirzyno\/ferie-zimowe-2026\/\" \/>\n<meta property=\"og:locale\" content=\"pl_PL\" \/>\n<meta property=\"og:type\" content=\"article\" \/>\n<meta property=\"og:title\" content=\"FERIE ZIMOWE 2026 - Hotel i Apartameny Gorzelanny w D\u017awirzynie, gmina Ko\u0142obrzeg\" \/>\n<meta property=\"og:description\" content=\"Zimowy wypoczynek przy szumie fal i \u015bwie\u017cym, morskim powietrzu!  \ud83d\udcc5 Termin: 16.01 - 28.02 \ud83d\udcb0 Cena: sprawd\u017a szczeg\u00f3\u0142y oferty\" \/>\n<meta property=\"og:url\" content=\"https:\/\/gorzelanny.pl\/hotel-dzwirzyno\/ferie-zimowe-2026\/\" \/>\n<meta property=\"og:site_name\" content=\"Hotel i Apartameny Gorzelanny w D\u017awirzynie, gmina Ko\u0142obrzeg\" \/>\n<meta property=\"article:publisher\" content=\"https:\/\/www.facebook.com\/hotele.gorzelanny\" \/>\n<meta property=\"article:modified_time\" content=\"2026-03-06T08:54:47+00:00\" \/>\n<meta property=\"og:image\" content=\"https:\/\/gorzelanny.pl\/hotel-dzwirzyno\/wp-content\/uploads\/2024\/12\/pexels-rachel-claire-6773838.jpg\" \/>\n\t<meta property=\"og:image:width\" content=\"1200\" \/>\n\t<meta property=\"og:image:height\" content=\"800\" \/>\n\t<meta property=\"og:image:type\" content=\"image\/jpeg\" \/>\n<meta name=\"twitter:card\" content=\"summary_large_image\" \/>\n<meta name=\"twitter:label1\" content=\"Szacowany czas czytania\" \/>\n\t<meta name=\"twitter:data1\" content=\"8 minut\" \/>\n<script type=\"application\/ld+json\" class=\"yoast-schema-graph\">{\"@context\":\"https:\/\/schema.org\",\"@graph\":[{\"@type\":\"WebPage\",\"@id\":\"https:\/\/gorzelanny.pl\/hotel-dzwirzyno\/ferie-zimowe-2026\/\",\"url\":\"https:\/\/gorzelanny.pl\/hotel-dzwirzyno\/ferie-zimowe-2026\/\",\"name\":\"FERIE ZIMOWE 2026 - Hotel i Apartameny Gorzelanny w D\u017awirzynie, gmina Ko\u0142obrzeg\",\"isPartOf\":{\"@id\":\"https:\/\/gorzelanny.pl\/hotel-dzwirzyno\/#website\"},\"primaryImageOfPage\":{\"@id\":\"https:\/\/gorzelanny.pl\/hotel-dzwirzyno\/ferie-zimowe-2026\/#primaryimage\"},\"image\":{\"@id\":\"https:\/\/gorzelanny.pl\/hotel-dzwirzyno\/ferie-zimowe-2026\/#primaryimage\"},\"thumbnailUrl\":\"https:\/\/gorzelanny.pl\/hotel-dzwirzyno\/wp-content\/uploads\/2024\/12\/pexels-rachel-claire-6773838.jpg\",\"datePublished\":\"2025-12-04T11:56:11+00:00\",\"dateModified\":\"2026-03-06T08:54:47+00:00\",\"breadcrumb\":{\"@id\":\"https:\/\/gorzelanny.pl\/hotel-dzwirzyno\/ferie-zimowe-2026\/#breadcrumb\"},\"inLanguage\":\"pl-PL\",\"potentialAction\":[{\"@type\":\"ReadAction\",\"target\":[\"https:\/\/gorzelanny.pl\/hotel-dzwirzyno\/ferie-zimowe-2026\/\"]}]},{\"@type\":\"ImageObject\",\"inLanguage\":\"pl-PL\",\"@id\":\"https:\/\/gorzelanny.pl\/hotel-dzwirzyno\/ferie-zimowe-2026\/#primaryimage\",\"url\":\"https:\/\/gorzelanny.pl\/hotel-dzwirzyno\/wp-content\/uploads\/2024\/12\/pexels-rachel-claire-6773838.jpg\",\"contentUrl\":\"https:\/\/gorzelanny.pl\/hotel-dzwirzyno\/wp-content\/uploads\/2024\/12\/pexels-rachel-claire-6773838.jpg\",\"width\":1200,\"height\":800},{\"@type\":\"BreadcrumbList\",\"@id\":\"https:\/\/gorzelanny.pl\/hotel-dzwirzyno\/ferie-zimowe-2026\/#breadcrumb\",\"itemListElement\":[{\"@type\":\"ListItem\",\"position\":1,\"name\":\"Home\",\"item\":\"https:\/\/gorzelanny.pl\/hotel-dzwirzyno\/\"},{\"@type\":\"ListItem\",\"position\":2,\"name\":\"FERIE ZIMOWE 2026\"}]},{\"@type\":\"WebSite\",\"@id\":\"https:\/\/gorzelanny.pl\/hotel-dzwirzyno\/#website\",\"url\":\"https:\/\/gorzelanny.pl\/hotel-dzwirzyno\/\",\"name\":\"Hotel i Apartameny Gorzelanny w D\u017awirzynie, gmina Ko\u0142obrzeg\",\"description\":\"Pobyty z wy\u017cywieniem dla rodzin z dzie\u0107mi, blisko pla\u017cy. Pokoje z klimatyzacj\u0105, basen z rynn\u0105 wodn\u0105, jacuzzi, restauracja, parking. Przyjazny zwierz\u0119tom.\",\"potentialAction\":[{\"@type\":\"SearchAction\",\"target\":{\"@type\":\"EntryPoint\",\"urlTemplate\":\"https:\/\/gorzelanny.pl\/hotel-dzwirzyno\/?s={search_term_string}\"},\"query-input\":{\"@type\":\"PropertyValueSpecification\",\"valueRequired\":true,\"valueName\":\"search_term_string\"}}],\"inLanguage\":\"pl-PL\"}]}<\/script>\n<!-- \/ Yoast SEO plugin. -->","yoast_head_json":{"title":"FERIE ZIMOWE 2026 - Hotel i Apartameny Gorzelanny w D\u017awirzynie, gmina Ko\u0142obrzeg","robots":{"index":"index","follow":"follow","max-snippet":"max-snippet:-1","max-image-preview":"max-image-preview:large","max-video-preview":"max-video-preview:-1"},"canonical":"https:\/\/gorzelanny.pl\/hotel-dzwirzyno\/ferie-zimowe-2026\/","og_locale":"pl_PL","og_type":"article","og_title":"FERIE ZIMOWE 2026 - Hotel i Apartameny Gorzelanny w D\u017awirzynie, gmina Ko\u0142obrzeg","og_description":"Zimowy wypoczynek przy szumie fal i \u015bwie\u017cym, morskim powietrzu!  \ud83d\udcc5 Termin: 16.01 - 28.02 \ud83d\udcb0 Cena: sprawd\u017a szczeg\u00f3\u0142y oferty","og_url":"https:\/\/gorzelanny.pl\/hotel-dzwirzyno\/ferie-zimowe-2026\/","og_site_name":"Hotel i Apartameny Gorzelanny w D\u017awirzynie, gmina Ko\u0142obrzeg","article_publisher":"https:\/\/www.facebook.com\/hotele.gorzelanny","article_modified_time":"2026-03-06T08:54:47+00:00","og_image":[{"width":1200,"height":800,"url":"https:\/\/gorzelanny.pl\/hotel-dzwirzyno\/wp-content\/uploads\/2024\/12\/pexels-rachel-claire-6773838.jpg","type":"image\/jpeg"}],"twitter_card":"summary_large_image","twitter_misc":{"Szacowany czas czytania":"8 minut"},"schema":{"@context":"https:\/\/schema.org","@graph":[{"@type":"WebPage","@id":"https:\/\/gorzelanny.pl\/hotel-dzwirzyno\/ferie-zimowe-2026\/","url":"https:\/\/gorzelanny.pl\/hotel-dzwirzyno\/ferie-zimowe-2026\/","name":"FERIE ZIMOWE 2026 - Hotel i Apartameny Gorzelanny w D\u017awirzynie, gmina Ko\u0142obrzeg","isPartOf":{"@id":"https:\/\/gorzelanny.pl\/hotel-dzwirzyno\/#website"},"primaryImageOfPage":{"@id":"https:\/\/gorzelanny.pl\/hotel-dzwirzyno\/ferie-zimowe-2026\/#primaryimage"},"image":{"@id":"https:\/\/gorzelanny.pl\/hotel-dzwirzyno\/ferie-zimowe-2026\/#primaryimage"},"thumbnailUrl":"https:\/\/gorzelanny.pl\/hotel-dzwirzyno\/wp-content\/uploads\/2024\/12\/pexels-rachel-claire-6773838.jpg","datePublished":"2025-12-04T11:56:11+00:00","dateModified":"2026-03-06T08:54:47+00:00","breadcrumb":{"@id":"https:\/\/gorzelanny.pl\/hotel-dzwirzyno\/ferie-zimowe-2026\/#breadcrumb"},"inLanguage":"pl-PL","potentialAction":[{"@type":"ReadAction","target":["https:\/\/gorzelanny.pl\/hotel-dzwirzyno\/ferie-zimowe-2026\/"]}]},{"@type":"ImageObject","inLanguage":"pl-PL","@id":"https:\/\/gorzelanny.pl\/hotel-dzwirzyno\/ferie-zimowe-2026\/#primaryimage","url":"https:\/\/gorzelanny.pl\/hotel-dzwirzyno\/wp-content\/uploads\/2024\/12\/pexels-rachel-claire-6773838.jpg","contentUrl":"https:\/\/gorzelanny.pl\/hotel-dzwirzyno\/wp-content\/uploads\/2024\/12\/pexels-rachel-claire-6773838.jpg","width":1200,"height":800},{"@type":"BreadcrumbList","@id":"https:\/\/gorzelanny.pl\/hotel-dzwirzyno\/ferie-zimowe-2026\/#breadcrumb","itemListElement":[{"@type":"ListItem","position":1,"name":"Home","item":"https:\/\/gorzelanny.pl\/hotel-dzwirzyno\/"},{"@type":"ListItem","position":2,"name":"FERIE ZIMOWE 2026"}]},{"@type":"WebSite","@id":"https:\/\/gorzelanny.pl\/hotel-dzwirzyno\/#website","url":"https:\/\/gorzelanny.pl\/hotel-dzwirzyno\/","name":"Hotel i Apartameny Gorzelanny w D\u017awirzynie, gmina Ko\u0142obrzeg","description":"Pobyty z wy\u017cywieniem dla rodzin z dzie\u0107mi, blisko pla\u017cy. Pokoje z klimatyzacj\u0105, basen z rynn\u0105 wodn\u0105, jacuzzi, restauracja, parking. Przyjazny zwierz\u0119tom.","potentialAction":[{"@type":"SearchAction","target":{"@type":"EntryPoint","urlTemplate":"https:\/\/gorzelanny.pl\/hotel-dzwirzyno\/?s={search_term_string}"},"query-input":{"@type":"PropertyValueSpecification","valueRequired":true,"valueName":"search_term_string"}}],"inLanguage":"pl-PL"}]}},"_links":{"self":[{"href":"https:\/\/gorzelanny.pl\/hotel-dzwirzyno\/wp-json\/wp\/v2\/pages\/5118","targetHints":{"allow":["GET"]}}],"collection":[{"href":"https:\/\/gorzelanny.pl\/hotel-dzwirzyno\/wp-json\/wp\/v2\/pages"}],"about":[{"href":"https:\/\/gorzelanny.pl\/hotel-dzwirzyno\/wp-json\/wp\/v2\/types\/page"}],"author":[{"embeddable":true,"href":"https:\/\/gorzelanny.pl\/hotel-dzwirzyno\/wp-json\/wp\/v2\/users\/1"}],"replies":[{"embeddable":true,"href":"https:\/\/gorzelanny.pl\/hotel-dzwirzyno\/wp-json\/wp\/v2\/comments?post=5118"}],"version-history":[{"count":22,"href":"https:\/\/gorzelanny.pl\/hotel-dzwirzyno\/wp-json\/wp\/v2\/pages\/5118\/revisions"}],"predecessor-version":[{"id":5391,"href":"https:\/\/gorzelanny.pl\/hotel-dzwirzyno\/wp-json\/wp\/v2\/pages\/5118\/revisions\/5391"}],"wp:featuredmedia":[{"embeddable":true,"href":"https:\/\/gorzelanny.pl\/hotel-dzwirzyno\/wp-json\/wp\/v2\/media\/3636"}],"wp:attachment":[{"href":"https:\/\/gorzelanny.pl\/hotel-dzwirzyno\/wp-json\/wp\/v2\/media?parent=5118"}],"curies":[{"name":"wp","href":"https:\/\/api.w.org\/{rel}","templated":true}]}}