{"id":2339,"date":"2021-04-09T12:30:30","date_gmt":"2021-04-09T10:30:30","guid":{"rendered":"https:\/\/gorzelanny.pl\/hotel-gorzelanny1\/?page_id=2339"},"modified":"2025-03-05T08:47:50","modified_gmt":"2025-03-05T07:47:50","slug":"slub-w-plenerze","status":"publish","type":"page","link":"https:\/\/gorzelanny.pl\/hotel-gorzelanny\/slub-w-plenerze\/","title":{"rendered":"\u015alub w plenerze"},"content":{"rendered":"<p>[vc_row][vc_column][vc_column_text]<\/p>\n<p style=\"text-align: center;\">\ud83d\udc8d\u2728 <strong>Marzeniem wielu par m\u0142odych jest, aby ich \u015blub sta\u0142 si\u0119 wydarzeniem najbardziej zaskakuj\u0105cym i pozostaj\u0105cym przez jak najd\u0142u\u017cszy czas w pami\u0119ci zaproszonych go\u015bci.<\/strong> \ud83c\udf1f\ud83d\udc70\ud83e\udd35 Coraz wi\u0119cej narzeczonych pragnie, aby ten wyj\u0105tkowy dzie\u0144 i ta niepowtarzalna uroczysto\u015b\u0107 odby\u0142a si\u0119 na \u015bwie\u017cym powietrzu w otoczeniu zieleni. \ud83c\udf3f\ud83c\udf33 Idealnym rozwi\u0105zaniem jest organizacja \u015blubu w plenerze, poza Urz\u0119dem Stanu Cywilnego.<\/p>\n<p>[\/vc_column_text][vc_column_text]<\/p>\n<p style=\"text-align: center;\">Naszym Klientom dajemy mo\u017cliwo\u015b\u0107 organizacji tej wyj\u0105tkowej chwili w przepi\u0119knej scenerii nad jeziorem w G\u00f3rach Opawskich. \ud83c\udfde\ufe0f\ud83d\udc92 Magia tego miejsca sprawi, \u017ce \u015alub Cywilny stanie si\u0119 niezwyk\u0142ym i niezapomnianym prze\u017cyciem zar\u00f3wno dla Pa\u0144stwa M\u0142odych, jak i przyby\u0142ych go\u015bci. \ud83c\udf05\u2764\ufe0f\u2728<\/p>\n<p>[\/vc_column_text][vc_column_text]<\/p>\n<p style=\"text-align: center;\">Organizujemy r\u00f3wnie\u017c przyj\u0119cia weselne, zapraszamy do zapoznania si\u0119 z przyk\u0142adow\u0105\u00a0<a title=\"noclegi w g\u00f3rach, pobyty w g\u00f3rach, wczasy w g\u00f3rach\" href=\"https:\/\/gorzelanny.pl\/hotel-gorzelanny1\/wesela\/\">propozycj\u0105 menu weselnego<\/a>.<\/p>\n<p>[\/vc_column_text][vc_empty_space height=&#8221;25px&#8221;][\/vc_column][\/vc_row][vc_row][vc_column][vc_media_grid element_width=&#8221;2&#8243; grid_id=&#8221;vc_gid:1737552535169-2b9f694a-0d23-0&#8243; include=&#8221;1983,1982,1981,1980,1979,1978,1977,1976,1975,1974,1973,1972,1971,1970,1969,1968,1967,1966,1965,1964,1963,1962,1961,1960,1959,1958,1957,1956,1955,1954,1953,1952,1951,1950,1949,1948&#8243;][\/vc_column][\/vc_row]<\/p>\n","protected":false},"excerpt":{"rendered":"<p>[vc_row][vc_column][vc_column_text] \ud83d\udc8d\u2728 Marzeniem wielu par m\u0142odych jest, aby ich \u015blub sta\u0142 si\u0119 wydarzeniem najbardziej zaskakuj\u0105cym i pozostaj\u0105cym przez jak najd\u0142u\u017cszy czas w pami\u0119ci zaproszonych go\u015bci. \ud83c\udf1f\ud83d\udc70\ud83e\udd35 Coraz wi\u0119cej narzeczonych pragnie, aby ten wyj\u0105tkowy dzie\u0144 i ta niepowtarzalna uroczysto\u015b\u0107 odby\u0142a si\u0119 na \u015bwie\u017cym powietrzu w otoczeniu zieleni. \ud83c\udf3f\ud83c\udf33 Idealnym rozwi\u0105zaniem jest organizacja \u015blubu w plenerze, poza [&hellip;]<\/p>\n","protected":false},"author":1,"featured_media":0,"parent":0,"menu_order":0,"comment_status":"closed","ping_status":"closed","template":"","meta":{"om_disable_all_campaigns":false,"footnotes":""},"categories":[],"class_list":["post-2339","page","type-page","status-publish","hentry"],"_links":{"self":[{"href":"https:\/\/gorzelanny.pl\/hotel-gorzelanny\/wp-json\/wp\/v2\/pages\/2339"}],"collection":[{"href":"https:\/\/gorzelanny.pl\/hotel-gorzelanny\/wp-json\/wp\/v2\/pages"}],"about":[{"href":"https:\/\/gorzelanny.pl\/hotel-gorzelanny\/wp-json\/wp\/v2\/types\/page"}],"author":[{"embeddable":true,"href":"https:\/\/gorzelanny.pl\/hotel-gorzelanny\/wp-json\/wp\/v2\/users\/1"}],"replies":[{"embeddable":true,"href":"https:\/\/gorzelanny.pl\/hotel-gorzelanny\/wp-json\/wp\/v2\/comments?post=2339"}],"version-history":[{"count":5,"href":"https:\/\/gorzelanny.pl\/hotel-gorzelanny\/wp-json\/wp\/v2\/pages\/2339\/revisions"}],"predecessor-version":[{"id":3213,"href":"https:\/\/gorzelanny.pl\/hotel-gorzelanny\/wp-json\/wp\/v2\/pages\/2339\/revisions\/3213"}],"wp:attachment":[{"href":"https:\/\/gorzelanny.pl\/hotel-gorzelanny\/wp-json\/wp\/v2\/media?parent=2339"}],"wp:term":[{"taxonomy":"category","embeddable":true,"href":"https:\/\/gorzelanny.pl\/hotel-gorzelanny\/wp-json\/wp\/v2\/categories?post=2339"}],"curies":[{"name":"wp","href":"https:\/\/api.w.org\/{rel}","templated":true}]}}

Ślub w plenerze

<p>[vc_row][vc_column][vc_column_text]</p>
<p style="text-align: center;">💍✨ <strong>Marzeniem wielu par młodych jest, aby ich ślub stał się wydarzeniem najbardziej zaskakującym i pozostającym przez jak najdłuższy czas w pamięci zaproszonych gości.</strong> 🌟👰🤵 Coraz więcej narzeczonych pragnie, aby ten wyjątkowy dzień i ta niepowtarzalna uroczystość odbyła się na świeżym powietrzu w otoczeniu zieleni. 🌿🌳 Idealnym rozwiązaniem jest organizacja ślubu w plenerze, poza Urzędem Stanu Cywilnego.</p>
<p>[/vc_column_text][vc_column_text]</p>
<p style="text-align: center;">Naszym Klientom dajemy możliwość organizacji tej wyjątkowej chwili w przepięknej scenerii nad jeziorem w Górach Opawskich. 🏞️💒 Magia tego miejsca sprawi, że Ślub Cywilny stanie się niezwykłym i niezapomnianym przeżyciem zarówno dla Państwa Młodych, jak i przybyłych gości. 🌅❤️✨</p>
<p>[/vc_column_text][vc_column_text]</p>
<p style="text-align: center;">Organizujemy również przyjęcia weselne, zapraszamy do zapoznania się z przykładową <a title="noclegi w górach, pobyty w górach, wczasy w górach" href="https://gorzelanny.pl/hotel-gorzelanny1/wesela/">propozycją menu weselnego</a>.</p>
<p>[/vc_column_text][vc_empty_space height=&#8221;25px&#8221;][/vc_column][/vc_row][vc_row][vc_column][vc_media_grid element_width=&#8221;2&#8243; grid_id=&#8221;vc_gid:1737552535169-2b9f694a-0d23-0&#8243; include=&#8221;1983,1982,1981,1980,1979,1978,1977,1976,1975,1974,1973,1972,1971,1970,1969,1968,1967,1966,1965,1964,1963,1962,1961,1960,1959,1958,1957,1956,1955,1954,1953,1952,1951,1950,1949,1948&#8243;][/vc_column][/vc_row]</p>

<p>[vc_row][vc_column][vc_column_text] 💍✨ Marzeniem wielu par młodych jest, aby ich ślub stał się wydarzeniem najbardziej zaskakującym i pozostającym przez jak najdłuższy czas w pamięci zaproszonych gości. 🌟👰🤵 Coraz więcej narzeczonych pragnie, aby ten wyjątkowy dzień i ta niepowtarzalna uroczystość odbyła się na świeżym powietrzu w otoczeniu zieleni. 🌿🌳 Idealnym rozwiązaniem jest organizacja ślubu w plenerze, poza [&hellip;]</p>
