{"id":2884,"date":"2024-04-19T09:33:07","date_gmt":"2024-04-19T07:33:07","guid":{"rendered":"https:\/\/gorzelanny.pl\/hotel-gorzelanny\/?page_id=2884"},"modified":"2025-01-21T14:33:44","modified_gmt":"2025-01-21T13:33:44","slug":"travelist-hotel-star","status":"publish","type":"page","link":"https:\/\/gorzelanny.pl\/hotel-gorzelanny\/travelist-hotel-star\/","title":{"rendered":"Travelist Hotel Star"},"content":{"rendered":"<p>[vc_row][vc_column][vc_column_text]Z przyjemno\u015bci\u0105 informujemy, \u017ce nasz Hotel Gorzelanny otrzyma\u0142 nagrod\u0119<strong> Travelist Hotel Star 2024<\/strong> w kategorii tematycznej <strong>Najlepszy Hotel z Aquaparkiem.<\/strong><\/p>\n<p>&nbsp;<\/p>\n<h3 class=\"wp-block-heading\"><a class=\"ek-link\" href=\"https:\/\/travelist.pl\/117895\/polska-gory-opawskie-jarnoltowek-gorzelanny\/?MWID=TRA_PL_MAG_TRA_0000_NON_0000_ART_NWS_0_M86_TEXT_OFR_20240412&amp;article_params=article,news,news,tekst,oferta&amp;noleadrequired=on\">\u2b50<strong>NAJLEPSZY OBIEKT Z AQUAPARKIEM: Hotel Gorzelanny ****<\/strong><\/a><\/h3>\n<blockquote><p><em>Trzy posi\u0142ki, open bar, wellness, kr\u0119gle, przejazd kolejk\u0105, Dinopark, Park Edukacji i Rozrywki \u2013 a wszystko to nad brzegiem g\u00f3rskiego jeziora. Brzmi bajkowo, prawda?\u00a0\u00a0A to jeszcze nie wszystko. Hotel Gorzelanny **** pochwali\u0107 si\u0119 r\u00f3wnie\u017c mo\u017ce w sezonie letni nowym aquaparkiem z wodnym placem zabaw dla dzieci, rw\u0105c\u0105 rzek\u0105, jacuzzi, zje\u017cd\u017calni\u0105 wodn\u0105 anakonda oraz zje\u017cd\u017calni\u0105 wahad\u0142o \u2013 jedyn\u0105 tak\u0105 w Polsce. Przyp\u0142yw emocjo gwarantowany<\/em><\/p><\/blockquote>\n<p>[\/vc_column_text][vc_empty_space][\/vc_column][\/vc_row][vc_row][vc_column][vc_media_grid grid_id=&#8221;vc_gid:1713512830996-6a9d5d0c-69f0-7&#8243; include=&#8221;1930,1931,1932,1939,1942,1838,1835,1832,1926&#8243;][\/vc_column][\/vc_row]<\/p>\n","protected":false},"excerpt":{"rendered":"<p>[vc_row][vc_column][vc_column_text]Z przyjemno\u015bci\u0105 informujemy, \u017ce nasz Hotel Gorzelanny otrzyma\u0142 nagrod\u0119 Travelist Hotel Star 2024 w kategorii tematycznej Najlepszy Hotel z Aquaparkiem. &nbsp; \u2b50NAJLEPSZY OBIEKT Z AQUAPARKIEM: Hotel Gorzelanny **** Trzy posi\u0142ki, open bar, wellness, kr\u0119gle, przejazd kolejk\u0105, Dinopark, Park Edukacji i Rozrywki \u2013 a wszystko to nad brzegiem g\u00f3rskiego jeziora. Brzmi bajkowo, prawda?\u00a0\u00a0A to jeszcze nie [&hellip;]<\/p>\n","protected":false},"author":1,"featured_media":0,"parent":0,"menu_order":0,"comment_status":"closed","ping_status":"closed","template":"","meta":{"om_disable_all_campaigns":false,"footnotes":""},"categories":[],"class_list":["post-2884","page","type-page","status-publish","hentry"],"_links":{"self":[{"href":"https:\/\/gorzelanny.pl\/hotel-gorzelanny\/wp-json\/wp\/v2\/pages\/2884"}],"collection":[{"href":"https:\/\/gorzelanny.pl\/hotel-gorzelanny\/wp-json\/wp\/v2\/pages"}],"about":[{"href":"https:\/\/gorzelanny.pl\/hotel-gorzelanny\/wp-json\/wp\/v2\/types\/page"}],"author":[{"embeddable":true,"href":"https:\/\/gorzelanny.pl\/hotel-gorzelanny\/wp-json\/wp\/v2\/users\/1"}],"replies":[{"embeddable":true,"href":"https:\/\/gorzelanny.pl\/hotel-gorzelanny\/wp-json\/wp\/v2\/comments?post=2884"}],"version-history":[{"count":7,"href":"https:\/\/gorzelanny.pl\/hotel-gorzelanny\/wp-json\/wp\/v2\/pages\/2884\/revisions"}],"predecessor-version":[{"id":2891,"href":"https:\/\/gorzelanny.pl\/hotel-gorzelanny\/wp-json\/wp\/v2\/pages\/2884\/revisions\/2891"}],"wp:attachment":[{"href":"https:\/\/gorzelanny.pl\/hotel-gorzelanny\/wp-json\/wp\/v2\/media?parent=2884"}],"wp:term":[{"taxonomy":"category","embeddable":true,"href":"https:\/\/gorzelanny.pl\/hotel-gorzelanny\/wp-json\/wp\/v2\/categories?post=2884"}],"curies":[{"name":"wp","href":"https:\/\/api.w.org\/{rel}","templated":true}]}}