{"id":2199,"date":"2018-10-19T11:41:06","date_gmt":"2018-10-19T11:41:06","guid":{"rendered":"http:\/\/hotello-demo.loc\/alpen\/?page_id=1366"},"modified":"2023-01-17T15:05:02","modified_gmt":"2023-01-17T14:05:02","slug":"legenda","status":"publish","type":"page","link":"https:\/\/gorzelanny.pl\/zaginione-miasto\/legenda\/","title":{"rendered":"Legenda o Zaginionym Mie\u015bcie Rosenau"},"content":{"rendered":"<p>[vc_section][vc_row][vc_column][vc_custom_heading source=&#8221;post_title&#8221; font_container=&#8221;tag:h2|text_align:center&#8221; use_theme_fonts=&#8221;yes&#8221; css=&#8221;.vc_custom_1539949623848{margin-top: 30px !important;margin-bottom: 40px !important;}&#8221;][stm_spacer height=&#8221;73&#8243; height_tablet=&#8221;60&#8243; height_mobile=&#8221;40&#8243;][vc_row_inner][vc_column_inner width=&#8221;1\/2&#8243;][vc_single_image image=&#8221;2153&#8243; img_size=&#8221;480&#215;480&#8243; style=&#8221;vc_box_shadow&#8221;][\/vc_column_inner][vc_column_inner width=&#8221;1\/2&#8243;][vc_custom_heading text=&#8221;Przed wiekami, w dolinie Zameckiego Potoku, pod wzg\u00f3rzem \u015awi\u0119tego Rocha&#8221; font_container=&#8221;tag:h3|font_size:28|text_align:left|line_height:34px&#8221; use_theme_fonts=&#8221;yes&#8221; css=&#8221;.vc_custom_1673963374470{margin-top: 9px !important;margin-bottom: 27px !important;}&#8221;][vc_column_text css=&#8221;.vc_custom_1673963882944{margin-bottom: 52px !important;}&#8221;]znajdowa\u0142o si\u0119 wielkie, otoczone pot\u0119\u017cnymi murami miasto Rosenau. Nikt nie wiedzia\u0142 jak powsta\u0142o. Jedno z pradawnych poda\u0144 g\u0142osi\u0142o, \u017ce pewnego dnia przyby\u0142o tam germa\u0144skie plemi\u0119 uciekaj\u0105ce przed rozwijaj\u0105cym si\u0119 na po\u0142udniu chrze\u015bcija\u0144stwem&#8230;<\/p>\n<p>Mieszka\u0144cy Rosenau \u017cyli z handlu, t\u0119dy bowiem przebiega\u0142a jedna z dr\u00f3g \u0142\u0105cz\u0105cych p\u00f3\u0142nocne pa\u0144stwa skandynawskie z krajami Morza \u015ar\u00f3dziemnego. Handel przynosi\u0142 im wielkie korzy\u015bci, miasto stawa\u0142o si\u0119 coraz wi\u0119ksze i bogatsze. Jednak mieszka\u0144cy Rosenau pomimo tego, \u017ce nie byli wojowniczym ludem, budzili strach i zgroz\u0119 w\u015br\u00f3d przybysz\u00f3w i lud\u00f3w zamieszkuj\u0105cych okoliczne tereny. Niemal ka\u017cdej nocy, gdy okoliczne lasy i pola o\u015bwietla\u0142 jedynie mglisty blask ksi\u0119\u017cyca, bramy Rosenau otwiera\u0142y si\u0119. W \u015bwietle pochodni z miasta wychodzili jego mieszka\u0144cy kieruj\u0105c si\u0119 na pobliskie wzg\u00f3rza by kolejny raz odda\u0107 pok\u0142on nieznanym si\u0142om. Cisz\u0119 nocy zak\u0142\u00f3ca\u0142 trzask p\u0142omieni i obiegaj\u0105ce okolic\u0119 mod\u0142y, kt\u00f3re mieszka\u0144cy Rosenau kierowali do swego boga. Rytua\u0142 \u00f3w ko\u0144czy\u0142 si\u0119 o \u015bwicie, kiedy pierwsze promienie s\u0142o\u0144ca rozja\u015bnia\u0142y niebo&#8230;[\/vc_column_text][\/vc_column_inner][\/vc_row_inner][vc_row_inner][vc_column_inner width=&#8221;1\/2&#8243;][vc_custom_heading text=&#8221;Kiedy Rosenau, po nocnych obrz\u0119dach zapada\u0142o we \u015bnie,&#8221; font_container=&#8221;tag:h3|font_size:28|text_align:left|line_height:34px&#8221; use_theme_fonts=&#8221;yes&#8221; css=&#8221;.vc_custom_1673963438143{margin-top: 9px !important;margin-bottom: 27px !important;}&#8221;][vc_column_text css=&#8221;.vc_custom_1673963889424{margin-bottom: 52px !important;}&#8221;]mieszka\u0144cy okolicznych grod\u00f3w opuszczali swe domostwa. W\u00f3wczas to, oczy ich odkrywa\u0142y tajemnic\u0119 Rosenau. Wzg\u00f3rza porasta\u0142y pale, na kt\u00f3rych umierali w cierpieniu chrze\u015bcija\u0144scy pielgrzymi przybyli z Bizancjum, czy te\u017c z Rzymu&#8230;<\/p>\n<p>Czas bieg\u0142 dalej. Handel w Rosenau kwit\u0142, jego mieszka\u0144cy korzystali z \u017cycia, oddaj\u0105c si\u0119 za dnia jego uciechom, a pod os\u0142on\u0105 nocy czcz\u0105c demoniczne si\u0142y. Jednak pewnego letniego poranka, nadszed\u0142 czas apokalipsy dla pogr\u0105\u017conego we \u015bnie miasta. Zagrzmia\u0142y niebiosa skryte pod pow\u0142ok\u0105 czarnych chmur, zerwa\u0142 si\u0119 pot\u0119\u017cny wiatr, zatrz\u0119s\u0142a si\u0119 ziemia. Wynios\u0142e wie\u017ce i mury miasta zacz\u0119\u0142y p\u0119ka\u0107, unicestwiaj\u0105c grzeszny lud. B\u0142yskawice co chwil\u0119 przeszywa\u0142y szare niebo. Pod miastem rozst\u0105pi\u0142a si\u0119 ziemia, grzebi\u0105c w sobie nieprawe miasto i jego mieszka\u0144c\u00f3w.<\/p>\n<p>Nikt nie prze\u017cy\u0142&#8230;[\/vc_column_text][\/vc_column_inner][vc_column_inner width=&#8221;1\/2&#8243;][vc_single_image image=&#8221;2521&#8243; img_size=&#8221;480&#215;480&#8243; style=&#8221;vc_box_shadow&#8221;][\/vc_column_inner][\/vc_row_inner][vc_row_inner][vc_column_inner width=&#8221;1\/2&#8243;][vc_single_image image=&#8221;2522&#8243; img_size=&#8221;480&#215;480&#8243; style=&#8221;vc_box_shadow&#8221;][\/vc_column_inner][vc_column_inner width=&#8221;1\/2&#8243;][vc_custom_heading text=&#8221;Katastrof\u0119 Rosenau okoliczna ludno\u015b\u0107 przyj\u0119\u0142a z ulg\u0105.&#8221; font_container=&#8221;tag:h3|font_size:28|text_align:left|line_height:34px&#8221; use_theme_fonts=&#8221;yes&#8221; css=&#8221;.vc_custom_1673963495413{margin-top: 9px !important;margin-bottom: 27px !important;}&#8221;][vc_column_text css=&#8221;.vc_custom_1673963895558{margin-bottom: 52px !important;}&#8221;]Wreszcie Go\u0142\u0119szyce lub te\u017c Lupiglaa (nie ma pewno\u015bci, kt\u00f3re z tych s\u0142owia\u0144skich plemion zamieszkiwa\u0142o teren Prudnika) &#8211; mogli opu\u015bci\u0107 okoliczne gr\u00f3dki obronne w pobli\u017cu Okopowej, wiedz\u0105c, \u017ce ze strony Rosenau nic im ju\u017c nie grozi.<\/p>\n<p>P\u00f3ki pami\u0119\u0107 o Rosenau by\u0142a \u017cywa, starano si\u0119 jak najszybciej zniszczy\u0107 ostatnie fragmenty ruin miasta. Nikt nie odwa\u017cy\u0142 na jego odbudow\u0119&#8230;<br \/>\nZ ziemi cz\u0119sto wyorywano ociosane kamienie i zardzewia\u0142e przedmioty. Pono\u0107 pastuszek znalaz\u0142 w zag\u0142\u0119bieniu ziemi, na kt\u00f3rej niegdy\u015b sta\u0142o miasto, znaczn\u0105 ilo\u015b\u0107 z\u0142ota. Dlatego miejsce to nazwano Z\u0142ot\u0105 Jam\u0105. Legenda m\u00f3wi, \u017ce w pogodny wielkanocny poranek mo\u017cna us\u0142ysze\u0107 d\u017awi\u0119ki dochodz\u0105ce z miejsca, gdzie niegdy\u015b sta\u0142o Rosenau. Niekt\u00f3rym udaje si\u0119 podobno zobaczy\u0107 wie\u017ce upad\u0142ego miasta&#8230;[\/vc_column_text][\/vc_column_inner][\/vc_row_inner][stm_spacer height=&#8221;59&#8243; height_tablet=&#8221;40&#8243; height_mobile=&#8221;40&#8243;][\/vc_column][\/vc_row][\/vc_section]<\/p>\n","protected":false},"excerpt":{"rendered":"<p>[vc_section][vc_row][vc_column][vc_custom_heading source=&#8221;post_title&#8221; font_container=&#8221;tag:h2|text_align:center&#8221; use_theme_fonts=&#8221;yes&#8221; css=&#8221;.vc_custom_1539949623848{margin-top: 30px !important;margin-bottom: 40px !important;}&#8221;][stm_spacer height=&#8221;73&#8243; height_tablet=&#8221;60&#8243; height_mobile=&#8221;40&#8243;][vc_row_inner][vc_column_inner width=&#8221;1\/2&#8243;][vc_single_image image=&#8221;2153&#8243; img_size=&#8221;480&#215;480&#8243; style=&#8221;vc_box_shadow&#8221;][\/vc_column_inner][vc_column_inner width=&#8221;1\/2&#8243;][vc_custom_heading text=&#8221;Przed wiekami, w dolinie Zameckiego Potoku, pod wzg\u00f3rzem \u015awi\u0119tego Rocha&#8221; font_container=&#8221;tag:h3|font_size:28|text_align:left|line_height:34px&#8221; use_theme_fonts=&#8221;yes&#8221; css=&#8221;.vc_custom_1673963374470{margin-top: 9px !important;margin-bottom: 27px !important;}&#8221;][vc_column_text css=&#8221;.vc_custom_1673963882944{margin-bottom: 52px !important;}&#8221;]znajdowa\u0142o si\u0119 wielkie, otoczone pot\u0119\u017cnymi murami miasto Rosenau. Nikt nie wiedzia\u0142 jak powsta\u0142o. Jedno z pradawnych poda\u0144 g\u0142osi\u0142o, \u017ce [&hellip;]<\/p>\n","protected":false},"author":1,"featured_media":0,"parent":0,"menu_order":0,"comment_status":"closed","ping_status":"closed","template":"","meta":[],"_links":{"self":[{"href":"https:\/\/gorzelanny.pl\/zaginione-miasto\/wp-json\/wp\/v2\/pages\/2199"}],"collection":[{"href":"https:\/\/gorzelanny.pl\/zaginione-miasto\/wp-json\/wp\/v2\/pages"}],"about":[{"href":"https:\/\/gorzelanny.pl\/zaginione-miasto\/wp-json\/wp\/v2\/types\/page"}],"author":[{"embeddable":true,"href":"https:\/\/gorzelanny.pl\/zaginione-miasto\/wp-json\/wp\/v2\/users\/1"}],"replies":[{"embeddable":true,"href":"https:\/\/gorzelanny.pl\/zaginione-miasto\/wp-json\/wp\/v2\/comments?post=2199"}],"version-history":[{"count":7,"href":"https:\/\/gorzelanny.pl\/zaginione-miasto\/wp-json\/wp\/v2\/pages\/2199\/revisions"}],"predecessor-version":[{"id":2527,"href":"https:\/\/gorzelanny.pl\/zaginione-miasto\/wp-json\/wp\/v2\/pages\/2199\/revisions\/2527"}],"wp:attachment":[{"href":"https:\/\/gorzelanny.pl\/zaginione-miasto\/wp-json\/wp\/v2\/media?parent=2199"}],"curies":[{"name":"wp","href":"https:\/\/api.w.org\/{rel}","templated":true}]}}