{"id":2663,"date":"2023-03-01T15:44:37","date_gmt":"2023-03-01T14:44:37","guid":{"rendered":"https:\/\/gorzelanny.pl\/zaginione-miasto1\/?page_id=2663"},"modified":"2023-03-02T15:37:48","modified_gmt":"2023-03-02T14:37:48","slug":"jaskinia","status":"publish","type":"page","link":"https:\/\/gorzelanny.pl\/zaginione-miasto\/jaskinia\/","title":{"rendered":"Jaskinia"},"content":{"rendered":"<p>[vc_section][vc_row][vc_column][vc_custom_heading source=&#8221;post_title&#8221; font_container=&#8221;tag:h2|text_align:center&#8221; use_theme_fonts=&#8221;yes&#8221; css=&#8221;.vc_custom_1539949623848{margin-top: 30px !important;margin-bottom: 40px !important;}&#8221;][stm_spacer height=&#8221;73&#8243; height_tablet=&#8221;60&#8243; height_mobile=&#8221;40&#8243;][vc_row_inner][vc_column_inner][vc_column_text css=&#8221;.vc_custom_1677767838773{margin-bottom: 52px !important;}&#8221;]<i>&#8222;Kiedy mieszka\u0144cy miasta Rosenau wiedzieli ju\u017c, \u017ce na pewno zgin\u0105 a ich gr\u00f3d przestanie istnie\u0107, postanowili ostatni raz u\u017cy\u0107 swojej nadprzyrodzonej si\u0142y. Zbili si\u0119 w ciasny kr\u0105g, chwycili za r\u0119ce i zawo\u0142ali g\u0142osem tak przenikliwym i donios\u0142ym, \u017ce zamilk\u0142y ptaki a wiatr zamar\u0142 nieruchomo ponad szczytami G\u00f3r Opawskich.<\/i><\/p>\n<p>Wtedy z czterech stron \u015bwiata, zbieg\u0142y si\u0119 dzikie zwierz\u0119ta. Stan\u0119\u0142y dooko\u0142a mur\u00f3w miasta, przywo\u0142ane moc\u0105 silniejsz\u0105 ni\u017c dziki instynkt natury. Wtedy najgro\u017aniejszy z wojownik\u00f3w przem\u00f3wi\u0142: \u201eDzikie zwierz\u0119ta opawskich las\u00f3w rozkazuj\u0119 wam aby\u015bcie k\u0142ami i pazurami, wiernie strzeg\u0142y z\u0142ota plemienia Rosenau. Czy\u0144cie to do ko\u0144ca \u015bwiata, w dzie\u0144 i w nocy, w deszcz, \u015bnieg i s\u0142o\u0144ce, nawet wtedy gdy g\u00f3ry stan\u0105 si\u0119 dolinami, jeziora wyschn\u0105 a rzeki odwr\u00f3c\u0105 sw\u00f3j bieg. W przeciwnym razie wasze samice strac\u0105 pokarm, nie b\u0119d\u0105 mia\u0142y czym wykarmi\u0107 waszych m\u0142odych i zginiecie tak jak miasto Rosenau\u201d<\/p>\n<p>Gdy sko\u0144czy\u0142 m\u00f3wi\u0107, rozleg\u0142 si\u0119 g\u0142uchy \u0142omot i gr\u00f3d Rosenau run\u0105\u0142 pod ziemi\u0119. Zwierz\u0119ta d\u0142ugo jeszcze sta\u0142y wpatrzone w dal jak gdyby zahipnotyzowane. Potem zaskomli\u0142y cicho, podkuli\u0142y ogony i rozbieg\u0142y si\u0119 po g\u00f3rach. Ci, kt\u00f3rzy w\u0119druj\u0105 po G\u00f3rach Opawskich i widzieli nie jedno w ich lasach, m\u00f3wi\u0105, \u017ce dzikie zwierz\u0119ta wci\u0105\u017c waruj\u0105, w jaskiniach i g\u00f3rskich szczelinach, pod wod\u0105 i nad ziemi\u0105, wsz\u0119dzie tam, gdzie mieszka\u0144cy zaginionego miasta ukryli swoje skarby.&#8221;<\/p>\n<hr \/>\n<div class=\"owl-carousel-v4 margin-bottom-40\">\n<div class=\"owl-slider-v4 owl-carousel owl-theme\">\n<div class=\"owl-wrapper-outer\">\n<div class=\"owl-wrapper\">\n<div class=\"owl-item\"><\/div>\n<\/div>\n<\/div>\n<\/div>\n<\/div>\n<p>[\/vc_column_text][\/vc_column_inner][\/vc_row_inner][stm_spacer height=&#8221;59&#8243; height_tablet=&#8221;40&#8243; height_mobile=&#8221;40&#8243;][\/vc_column][\/vc_row][\/vc_section][vc_row][vc_column][vc_media_grid grid_id=&#8221;vc_gid:1677767831570-08d6e014-623d-7&#8243; include=&#8221;2521&#8243;][\/vc_column][\/vc_row]<\/p>\n","protected":false},"excerpt":{"rendered":"<p>[vc_section][vc_row][vc_column][vc_custom_heading source=&#8221;post_title&#8221; font_container=&#8221;tag:h2|text_align:center&#8221; use_theme_fonts=&#8221;yes&#8221; css=&#8221;.vc_custom_1539949623848{margin-top: 30px !important;margin-bottom: 40px !important;}&#8221;][stm_spacer height=&#8221;73&#8243; height_tablet=&#8221;60&#8243; height_mobile=&#8221;40&#8243;][vc_row_inner][vc_column_inner][vc_column_text css=&#8221;.vc_custom_1677767838773{margin-bottom: 52px !important;}&#8221;]&#8222;Kiedy mieszka\u0144cy miasta Rosenau wiedzieli ju\u017c, \u017ce na pewno zgin\u0105 a ich gr\u00f3d przestanie istnie\u0107, postanowili ostatni raz u\u017cy\u0107 swojej nadprzyrodzonej si\u0142y. Zbili si\u0119 w ciasny kr\u0105g, chwycili za r\u0119ce i zawo\u0142ali g\u0142osem tak przenikliwym i donios\u0142ym, \u017ce zamilk\u0142y ptaki a [&hellip;]<\/p>\n","protected":false},"author":1,"featured_media":0,"parent":0,"menu_order":0,"comment_status":"closed","ping_status":"closed","template":"","meta":[],"_links":{"self":[{"href":"https:\/\/gorzelanny.pl\/zaginione-miasto\/wp-json\/wp\/v2\/pages\/2663"}],"collection":[{"href":"https:\/\/gorzelanny.pl\/zaginione-miasto\/wp-json\/wp\/v2\/pages"}],"about":[{"href":"https:\/\/gorzelanny.pl\/zaginione-miasto\/wp-json\/wp\/v2\/types\/page"}],"author":[{"embeddable":true,"href":"https:\/\/gorzelanny.pl\/zaginione-miasto\/wp-json\/wp\/v2\/users\/1"}],"replies":[{"embeddable":true,"href":"https:\/\/gorzelanny.pl\/zaginione-miasto\/wp-json\/wp\/v2\/comments?post=2663"}],"version-history":[{"count":2,"href":"https:\/\/gorzelanny.pl\/zaginione-miasto\/wp-json\/wp\/v2\/pages\/2663\/revisions"}],"predecessor-version":[{"id":2697,"href":"https:\/\/gorzelanny.pl\/zaginione-miasto\/wp-json\/wp\/v2\/pages\/2663\/revisions\/2697"}],"wp:attachment":[{"href":"https:\/\/gorzelanny.pl\/zaginione-miasto\/wp-json\/wp\/v2\/media?parent=2663"}],"curies":[{"name":"wp","href":"https:\/\/api.w.org\/{rel}","templated":true}]}}